{"id":57,"date":"2021-08-31T18:00:03","date_gmt":"2021-08-31T18:00:03","guid":{"rendered":"https:\/\/asociacionfileteadores.com\/decimoencuentro-1\/?page_id=57"},"modified":"2021-09-12T00:19:05","modified_gmt":"2021-09-12T00:19:05","slug":"home2","status":"publish","type":"page","link":"https:\/\/asociacionfileteadores.com\/decimoencuentro-1\/","title":{"rendered":"home2"},"content":{"rendered":"\t\t<div data-elementor-type=\"wp-page\" data-elementor-id=\"57\" class=\"elementor elementor-57\">\n\t\t\t\t\t\t<section class=\"elementor-section elementor-top-section elementor-element elementor-element-9195cd7 elementor-section-boxed elementor-section-height-default elementor-section-height-default\" data-id=\"9195cd7\" data-element_type=\"section\" data-e-type=\"section\">\n\t\t\t\t\t\t<div class=\"elementor-container elementor-column-gap-default\">\n\t\t\t\t\t<div class=\"elementor-column elementor-col-100 elementor-top-column elementor-element elementor-element-f58457d\" data-id=\"f58457d\" data-element_type=\"column\" data-e-type=\"column\">\n\t\t\t<div class=\"elementor-widget-wrap elementor-element-populated\">\n\t\t\t\t\t\t<div class=\"elementor-element elementor-element-0b3e73f elementor-widget elementor-widget-image\" data-id=\"0b3e73f\" data-element_type=\"widget\" data-e-type=\"widget\" data-widget_type=\"image.default\">\n\t\t\t\t<div class=\"elementor-widget-container\">\n\t\t\t\t\t\t\t\t\t\t\t\t\t\t\t<img fetchpriority=\"high\" decoding=\"async\" width=\"1024\" height=\"180\" src=\"https:\/\/asociacionfileteadores.com\/decimoencuentro-1\/wp-content\/uploads\/2021\/09\/banner-completo-blanco-1024x180.png\" class=\"attachment-large size-large wp-image-640\" alt=\"\" srcset=\"https:\/\/asociacionfileteadores.com\/decimoencuentro-1\/wp-content\/uploads\/2021\/09\/banner-completo-blanco-1024x180.png 1024w, https:\/\/asociacionfileteadores.com\/decimoencuentro-1\/wp-content\/uploads\/2021\/09\/banner-completo-blanco-300x53.png 300w, https:\/\/asociacionfileteadores.com\/decimoencuentro-1\/wp-content\/uploads\/2021\/09\/banner-completo-blanco-768x135.png 768w, https:\/\/asociacionfileteadores.com\/decimoencuentro-1\/wp-content\/uploads\/2021\/09\/banner-completo-blanco-1536x270.png 1536w, https:\/\/asociacionfileteadores.com\/decimoencuentro-1\/wp-content\/uploads\/2021\/09\/banner-completo-blanco.png 1825w\" sizes=\"(max-width: 1024px) 100vw, 1024px\" \/>\t\t\t\t\t\t\t\t\t\t\t\t\t\t\t<\/div>\n\t\t\t\t<\/div>\n\t\t\t\t<div class=\"elementor-element elementor-element-fbd5b7a elementor-widget elementor-widget-shortcode\" data-id=\"fbd5b7a\" data-element_type=\"widget\" data-e-type=\"widget\" data-widget_type=\"shortcode.default\">\n\t\t\t\t<div class=\"elementor-widget-container\">\n\t\t\t\t\t\t\t<div class=\"elementor-shortcode\">\n\n\n<\/div>\n\t\t\t\t\t\t<\/div>\n\t\t\t\t<\/div>\n\t\t\t\t<div class=\"elementor-element elementor-element-7281a73 elementor-widget elementor-widget-spacer\" data-id=\"7281a73\" data-element_type=\"widget\" data-e-type=\"widget\" data-widget_type=\"spacer.default\">\n\t\t\t\t<div class=\"elementor-widget-container\">\n\t\t\t\t\t\t\t<div class=\"elementor-spacer\">\n\t\t\t<div class=\"elementor-spacer-inner\"><\/div>\n\t\t<\/div>\n\t\t\t\t\t\t<\/div>\n\t\t\t\t<\/div>\n\t\t\t\t<section class=\"elementor-section elementor-inner-section elementor-element elementor-element-ac31bd9 elementor-section-boxed elementor-section-height-default elementor-section-height-default\" data-id=\"ac31bd9\" data-element_type=\"section\" data-e-type=\"section\">\n\t\t\t\t\t\t<div class=\"elementor-container elementor-column-gap-default\">\n\t\t\t\t\t<div class=\"elementor-column elementor-col-50 elementor-inner-column elementor-element elementor-element-b012bdd\" data-id=\"b012bdd\" data-element_type=\"column\" data-e-type=\"column\">\n\t\t\t<div class=\"elementor-widget-wrap elementor-element-populated\">\n\t\t\t\t\t\t<div class=\"elementor-element elementor-element-aade552 elementor-position-top elementor-widget elementor-widget-image-box\" data-id=\"aade552\" data-element_type=\"widget\" data-e-type=\"widget\" data-widget_type=\"image-box.default\">\n\t\t\t\t<div class=\"elementor-widget-container\">\n\t\t\t\t\t<div class=\"elementor-image-box-wrapper\"><figure class=\"elementor-image-box-img\"><a href=\"https:\/\/asociacionfileteadores.com\/decimoencuentro-1\/index.php\/programacion\/\" tabindex=\"-1\"><img decoding=\"async\" src=\"https:\/\/asociacionfileteadores.com\/decimoencuentro-1\/wp-content\/uploads\/elementor\/thumbs\/icono1-pcfp67hhs49md87qsffibzxcnwbn0xekc3xe5n82y2.png\" title=\"icono1\" alt=\"icono1\" loading=\"lazy\" \/><\/a><\/figure><div class=\"elementor-image-box-content\"><h3 class=\"elementor-image-box-title\"><a href=\"https:\/\/asociacionfileteadores.com\/decimoencuentro-1\/index.php\/programacion\/\">Programaci\u00f3n<\/a><\/h3><p class=\"elementor-image-box-description\">Particip\u00e1 de las actividades aqu\u00ed<\/p><\/div><\/div>\t\t\t\t<\/div>\n\t\t\t\t<\/div>\n\t\t\t\t\t<\/div>\n\t\t<\/div>\n\t\t\t\t<div class=\"elementor-column elementor-col-50 elementor-inner-column elementor-element elementor-element-1deb280\" data-id=\"1deb280\" data-element_type=\"column\" data-e-type=\"column\">\n\t\t\t<div class=\"elementor-widget-wrap elementor-element-populated\">\n\t\t\t\t\t\t<div class=\"elementor-element elementor-element-a3604ed elementor-position-top elementor-widget elementor-widget-image-box\" data-id=\"a3604ed\" data-element_type=\"widget\" data-e-type=\"widget\" data-widget_type=\"image-box.default\">\n\t\t\t\t<div class=\"elementor-widget-container\">\n\t\t\t\t\t<div class=\"elementor-image-box-wrapper\"><figure class=\"elementor-image-box-img\"><a href=\"https:\/\/asociacionfileteadores.com\/decimoencuentro-1\/index.php\/muestra\/\" tabindex=\"-1\"><img decoding=\"async\" src=\"https:\/\/asociacionfileteadores.com\/decimoencuentro-1\/wp-content\/uploads\/elementor\/thumbs\/icono2-1-pcfpd99x1dx1fxz3mh4s17vt1xkqr7e3b02hqcrsa2.png\" title=\"icono2\" alt=\"icono2\" loading=\"lazy\" \/><\/a><\/figure><div class=\"elementor-image-box-content\"><h3 class=\"elementor-image-box-title\"><a href=\"https:\/\/asociacionfileteadores.com\/decimoencuentro-1\/index.php\/muestra\/\">Exposici\u00f3n<\/a><\/h3><p class=\"elementor-image-box-description\">Disfrut\u00e1 de las obras aqu\u00ed<\/p><\/div><\/div>\t\t\t\t<\/div>\n\t\t\t\t<\/div>\n\t\t\t\t\t<\/div>\n\t\t<\/div>\n\t\t\t\t\t<\/div>\n\t\t<\/section>\n\t\t\t\t\t<\/div>\n\t\t<\/div>\n\t\t\t\t\t<\/div>\n\t\t<\/section>\n\t\t\t\t<section class=\"elementor-section elementor-top-section elementor-element elementor-element-9f39d01 elementor-section-boxed elementor-section-height-default elementor-section-height-default\" data-id=\"9f39d01\" data-element_type=\"section\" data-e-type=\"section\">\n\t\t\t\t\t\t<div class=\"elementor-container elementor-column-gap-default\">\n\t\t\t\t\t<div class=\"elementor-column elementor-col-100 elementor-top-column elementor-element elementor-element-53afbeb\" data-id=\"53afbeb\" data-element_type=\"column\" data-e-type=\"column\">\n\t\t\t<div class=\"elementor-widget-wrap elementor-element-populated\">\n\t\t\t\t\t\t<div class=\"elementor-element elementor-element-b2c5c59 elementor-position-top elementor-widget elementor-widget-image-box\" data-id=\"b2c5c59\" data-element_type=\"widget\" data-e-type=\"widget\" data-widget_type=\"image-box.default\">\n\t\t\t\t<div class=\"elementor-widget-container\">\n\t\t\t\t\t<div class=\"elementor-image-box-wrapper\"><figure class=\"elementor-image-box-img\"><a href=\"https:\/\/asociacionfileteadores.com\/decimoencuentro-1\/index.php\/revivi-eventos\/\" tabindex=\"-1\"><img decoding=\"async\" src=\"https:\/\/asociacionfileteadores.com\/decimoencuentro-1\/wp-content\/uploads\/elementor\/thumbs\/flor-pcj2ri48h8gd45y6gje1vehxp16wluyotpjdu8yqqy.png\" title=\"flor\" alt=\"flor\" loading=\"lazy\" \/><\/a><\/figure><div class=\"elementor-image-box-content\"><h3 class=\"elementor-image-box-title\"><a href=\"https:\/\/asociacionfileteadores.com\/decimoencuentro-1\/index.php\/revivi-eventos\/\">Reviv\u00ed los eventos<\/a><\/h3><p class=\"elementor-image-box-description\">Disfrut\u00e1 las repeticiones ac\u00e1<\/p><\/div><\/div>\t\t\t\t<\/div>\n\t\t\t\t<\/div>\n\t\t\t\t<div class=\"elementor-element elementor-element-b60ecfe elementor-widget elementor-widget-spacer\" data-id=\"b60ecfe\" data-element_type=\"widget\" data-e-type=\"widget\" data-widget_type=\"spacer.default\">\n\t\t\t\t<div class=\"elementor-widget-container\">\n\t\t\t\t\t\t\t<div class=\"elementor-spacer\">\n\t\t\t<div class=\"elementor-spacer-inner\"><\/div>\n\t\t<\/div>\n\t\t\t\t\t\t<\/div>\n\t\t\t\t<\/div>\n\t\t\t\t\t<\/div>\n\t\t<\/div>\n\t\t\t\t\t<\/div>\n\t\t<\/section>\n\t\t\t\t<section class=\"elementor-section elementor-top-section elementor-element elementor-element-43a2ae0 elementor-section-boxed elementor-section-height-default elementor-section-height-default\" data-id=\"43a2ae0\" data-element_type=\"section\" data-e-type=\"section\">\n\t\t\t\t\t\t<div class=\"elementor-container elementor-column-gap-default\">\n\t\t\t\t\t<div class=\"elementor-column elementor-col-100 elementor-top-column elementor-element elementor-element-87228c3\" data-id=\"87228c3\" data-element_type=\"column\" data-e-type=\"column\">\n\t\t\t<div class=\"elementor-widget-wrap elementor-element-populated\">\n\t\t\t\t\t\t<div class=\"elementor-element elementor-element-9af584b elementor-widget elementor-widget-text-editor\" data-id=\"9af584b\" data-element_type=\"widget\" data-e-type=\"widget\" data-widget_type=\"text-editor.default\">\n\t\t\t\t<div class=\"elementor-widget-container\">\n\t\t\t\t\t\t\t\t\t<h5 style=\"text-align: center;\"><span style=\"color: #ffffff;\">Todas las actividades del Encuentro se transmitir\u00e1n en vivo por nuestras Redes Sociales Youtube y Facebook<\/span><\/h5>\n<h5 style=\"text-align: center;\"><span style=\"color: #ffffff;\">\u00a1Clike\u00e1 sobre la Red Social y acced\u00e9 a los eventos. Todos son gratuitos!&nbsp;<\/span><\/h5>\t\t\t\t\t\t\t\t<\/div>\n\t\t\t\t<\/div>\n\t\t\t\t\t<\/div>\n\t\t<\/div>\n\t\t\t\t\t<\/div>\n\t\t<\/section>\n\t\t\t\t<\/div>\n\t\t","protected":false},"excerpt":{"rendered":"<p>Programaci\u00f3n Particip\u00e1 de las actividades aqu\u00ed Exposici\u00f3n Disfrut\u00e1 de las obras aqu\u00ed Reviv\u00ed los eventos Disfrut\u00e1 las repeticiones ac\u00e1 Todas las actividades del Encuentro se transmitir\u00e1n en vivo por nuestras Redes Sociales Youtube y Facebook \u00a1Clike\u00e1 sobre la Red Social y acced\u00e9 a los eventos. Todos son gratuitos!&nbsp;<\/p>\n","protected":false},"author":1,"featured_media":29,"parent":0,"menu_order":0,"comment_status":"closed","ping_status":"closed","template":"page-templates\/pagebuilder.php","meta":{"_monsterinsights_skip_tracking":false,"_monsterinsights_sitenote_active":false,"_monsterinsights_sitenote_note":"","_monsterinsights_sitenote_category":0,"footnotes":""},"class_list":["post-57","page","type-page","status-publish","has-post-thumbnail","hentry"],"_links":{"self":[{"href":"https:\/\/asociacionfileteadores.com\/decimoencuentro-1\/index.php\/wp-json\/wp\/v2\/pages\/57","targetHints":{"allow":["GET"]}}],"collection":[{"href":"https:\/\/asociacionfileteadores.com\/decimoencuentro-1\/index.php\/wp-json\/wp\/v2\/pages"}],"about":[{"href":"https:\/\/asociacionfileteadores.com\/decimoencuentro-1\/index.php\/wp-json\/wp\/v2\/types\/page"}],"author":[{"embeddable":true,"href":"https:\/\/asociacionfileteadores.com\/decimoencuentro-1\/index.php\/wp-json\/wp\/v2\/users\/1"}],"replies":[{"embeddable":true,"href":"https:\/\/asociacionfileteadores.com\/decimoencuentro-1\/index.php\/wp-json\/wp\/v2\/comments?post=57"}],"version-history":[{"count":339,"href":"https:\/\/asociacionfileteadores.com\/decimoencuentro-1\/index.php\/wp-json\/wp\/v2\/pages\/57\/revisions"}],"predecessor-version":[{"id":2079,"href":"https:\/\/asociacionfileteadores.com\/decimoencuentro-1\/index.php\/wp-json\/wp\/v2\/pages\/57\/revisions\/2079"}],"wp:featuredmedia":[{"embeddable":true,"href":"https:\/\/asociacionfileteadores.com\/decimoencuentro-1\/index.php\/wp-json\/wp\/v2\/media\/29"}],"wp:attachment":[{"href":"https:\/\/asociacionfileteadores.com\/decimoencuentro-1\/index.php\/wp-json\/wp\/v2\/media?parent=57"}],"curies":[{"name":"wp","href":"https:\/\/api.w.org\/{rel}","templated":true}]}}