{"id":2356,"date":"2023-09-12T02:20:19","date_gmt":"2023-09-12T00:20:19","guid":{"rendered":"https:\/\/asociacionfileteadores.com\/doceencuentro\/?page_id=2356"},"modified":"2023-09-12T18:03:36","modified_gmt":"2023-09-12T16:03:36","slug":"doce-encuentro-de-fileteadores","status":"publish","type":"page","link":"https:\/\/asociacionfileteadores.com\/doceencuentro\/index.php\/doce-encuentro-de-fileteadores\/","title":{"rendered":"12 Encuentro de Fileteadores"},"content":{"rendered":"\t\t<div data-elementor-type=\"wp-page\" data-elementor-id=\"2356\" class=\"elementor elementor-2356\">\n\t\t\t\t\t\t\t\t\t<section class=\"elementor-section elementor-top-section elementor-element elementor-element-0987ef9 elementor-section-boxed elementor-section-height-default elementor-section-height-default\" data-id=\"0987ef9\" data-element_type=\"section\">\n\t\t\t\t\t\t<div class=\"elementor-container elementor-column-gap-default\">\n\t\t\t\t\t<div class=\"elementor-column elementor-col-100 elementor-top-column elementor-element elementor-element-cebfbae\" data-id=\"cebfbae\" data-element_type=\"column\">\n\t\t\t<div class=\"elementor-widget-wrap elementor-element-populated\">\n\t\t\t\t\t\t\t\t<div class=\"elementor-element elementor-element-fe98bff elementor-widget elementor-widget-image\" data-id=\"fe98bff\" data-element_type=\"widget\" data-widget_type=\"image.default\">\n\t\t\t\t<div class=\"elementor-widget-container\">\n\t\t\t<style>\/*! elementor - v3.15.0 - 20-08-2023 *\/\n.elementor-widget-image{text-align:center}.elementor-widget-image a{display:inline-block}.elementor-widget-image a img[src$=\".svg\"]{width:48px}.elementor-widget-image img{vertical-align:middle;display:inline-block}<\/style>\t\t\t\t\t\t\t\t\t\t\t\t<img loading=\"lazy\" decoding=\"async\" width=\"300\" height=\"145\" src=\"https:\/\/asociacionfileteadores.com\/doceencuentro\/wp-content\/uploads\/2023\/09\/titulo-02-1-300x145.jpg\" class=\"attachment-medium size-medium wp-image-2358\" alt=\"\" srcset=\"https:\/\/asociacionfileteadores.com\/doceencuentro\/wp-content\/uploads\/2023\/09\/titulo-02-1-300x145.jpg 300w, https:\/\/asociacionfileteadores.com\/doceencuentro\/wp-content\/uploads\/2023\/09\/titulo-02-1-1024x495.jpg 1024w, https:\/\/asociacionfileteadores.com\/doceencuentro\/wp-content\/uploads\/2023\/09\/titulo-02-1-768x371.jpg 768w, https:\/\/asociacionfileteadores.com\/doceencuentro\/wp-content\/uploads\/2023\/09\/titulo-02-1.jpg 1446w\" sizes=\"auto, (max-width: 300px) 100vw, 300px\" \/>\t\t\t\t\t\t\t\t\t\t\t\t\t\t\t<\/div>\n\t\t\t\t<\/div>\n\t\t\t\t\t<\/div>\n\t\t<\/div>\n\t\t\t\t\t\t\t<\/div>\n\t\t<\/section>\n\t\t\t\t<section class=\"elementor-section elementor-top-section elementor-element elementor-element-f9808d3 elementor-section-boxed elementor-section-height-default elementor-section-height-default\" data-id=\"f9808d3\" data-element_type=\"section\">\n\t\t\t\t\t\t<div class=\"elementor-container elementor-column-gap-default\">\n\t\t\t\t\t<div class=\"elementor-column elementor-col-100 elementor-top-column elementor-element elementor-element-d1615b0\" data-id=\"d1615b0\" data-element_type=\"column\">\n\t\t\t<div class=\"elementor-widget-wrap elementor-element-populated\">\n\t\t\t\t\t\t\t\t<div class=\"elementor-element elementor-element-3da5220 elementor-widget elementor-widget-text-editor\" data-id=\"3da5220\" data-element_type=\"widget\" data-widget_type=\"text-editor.default\">\n\t\t\t\t<div class=\"elementor-widget-container\">\n\t\t\t<style>\/*! elementor - v3.15.0 - 20-08-2023 *\/\n.elementor-widget-text-editor.elementor-drop-cap-view-stacked .elementor-drop-cap{background-color:#69727d;color:#fff}.elementor-widget-text-editor.elementor-drop-cap-view-framed .elementor-drop-cap{color:#69727d;border:3px solid;background-color:transparent}.elementor-widget-text-editor:not(.elementor-drop-cap-view-default) .elementor-drop-cap{margin-top:8px}.elementor-widget-text-editor:not(.elementor-drop-cap-view-default) .elementor-drop-cap-letter{width:1em;height:1em}.elementor-widget-text-editor .elementor-drop-cap{float:left;text-align:center;line-height:1;font-size:50px}.elementor-widget-text-editor .elementor-drop-cap-letter{display:inline-block}<\/style>\t\t\t\t<p style=\"text-align: center;\"><span style=\"color: #993300;\"><b>XII Encuentro Anual de Fileteadores\u00a0<\/b><\/span><\/p><p style=\"text-align: center;\"><b>\u00a0<\/b><\/p><p><span style=\"font-weight: 400;\">En el camino de difundir, visibilizar y profundizar la difusi\u00f3n y conservaci\u00f3n del filete porte\u00f1o, Patrimonio Cultural de la ciudad de Buenos Aires y Patrimonio Cultural Inmaterial de la Humanidad ante la Unesco y cumpliendo 10 a\u00f1os de existencia como instituci\u00f3n, es que queremos invitarlos a la XII edici\u00f3n del Encuentro anual de Fileteadores.\u00a0<\/span><\/p><p><span style=\"font-weight: 400;\">\u00a0<\/span><\/p><p><span style=\"font-weight: 400;\">Esta nueva edici\u00f3n se realizar\u00e1 los d\u00edas 14, 15 y 17 de septiembre de 2023 en el predio del Parque de la Estaci\u00f3n y estar\u00e1 abierta a todo el p\u00fablico visitante con entrada libre y gratuita.<\/span><\/p><p><span style=\"font-weight: 400;\">\u00a0<\/span><\/p><p><span style=\"font-weight: 400;\">Habr\u00e1 una exposici\u00f3n de los maestros H\u00e9ctor Bonino, Le\u00f3n Untroib, Luis Zorz, Memo Caviglia, Ricardo G\u00f3mez, Freddy Fern\u00e1ndez y V\u00edctor Carrusca. Tambi\u00e9n tendremos charlas te\u00f3ricas y pr\u00e1cticas, homenajes, distinciones y jornadas de pintura en vivo y taller colectivo.<\/span><\/p><p><span style=\"font-weight: 400;\">\u00a0<\/span><\/p><p><span style=\"font-weight: 400;\">Desde la Asociaci\u00f3n de Fileteadores queremos rendir un homenaje a los maestros que nos siguen guiando en la construcci\u00f3n\u00a0 de nuestro arte y oficio como arte popular argentino<\/span><span style=\"font-weight: 400;\">.<\/span><\/p><p><span style=\"font-weight: 400;\">\u00a0<\/span><\/p><p><b>::: Acto de apertura:::\u00a0<\/b><\/p><p><b>jueves 14 de septiembre de 18 a 21 hs.\u00a0<\/b><\/p><p><b>Parque de la Estaci\u00f3n\u00a0<\/b><\/p><p><b>Tte. Gral. Juan Domingo Per\u00f3n 3326, CABA<\/b><b style=\"font-size: inherit; color: var( --e-global-color-text );\">\u00a0<\/b><\/p>\t\t\t\t\t\t<\/div>\n\t\t\t\t<\/div>\n\t\t\t\t\t<\/div>\n\t\t<\/div>\n\t\t\t\t\t\t\t<\/div>\n\t\t<\/section>\n\t\t\t\t\t\t\t<\/div>\n\t\t","protected":false},"excerpt":{"rendered":"<p>XII Encuentro Anual de Fileteadores\u00a0 \u00a0 En el camino de difundir, visibilizar y profundizar la difusi\u00f3n y conservaci\u00f3n del filete porte\u00f1o, Patrimonio Cultural de la ciudad de Buenos Aires y Patrimonio Cultural Inmaterial de la Humanidad ante la Unesco y cumpliendo 10 a\u00f1os de existencia como instituci\u00f3n, es que queremos [&hellip;]<\/p>\n","protected":false},"author":1,"featured_media":0,"parent":0,"menu_order":0,"comment_status":"closed","ping_status":"closed","template":"elementor_theme","meta":{"footnotes":""},"class_list":["post-2356","page","type-page","status-publish","hentry"],"_links":{"self":[{"href":"https:\/\/asociacionfileteadores.com\/doceencuentro\/index.php\/wp-json\/wp\/v2\/pages\/2356","targetHints":{"allow":["GET"]}}],"collection":[{"href":"https:\/\/asociacionfileteadores.com\/doceencuentro\/index.php\/wp-json\/wp\/v2\/pages"}],"about":[{"href":"https:\/\/asociacionfileteadores.com\/doceencuentro\/index.php\/wp-json\/wp\/v2\/types\/page"}],"author":[{"embeddable":true,"href":"https:\/\/asociacionfileteadores.com\/doceencuentro\/index.php\/wp-json\/wp\/v2\/users\/1"}],"replies":[{"embeddable":true,"href":"https:\/\/asociacionfileteadores.com\/doceencuentro\/index.php\/wp-json\/wp\/v2\/comments?post=2356"}],"version-history":[{"count":27,"href":"https:\/\/asociacionfileteadores.com\/doceencuentro\/index.php\/wp-json\/wp\/v2\/pages\/2356\/revisions"}],"predecessor-version":[{"id":2928,"href":"https:\/\/asociacionfileteadores.com\/doceencuentro\/index.php\/wp-json\/wp\/v2\/pages\/2356\/revisions\/2928"}],"wp:attachment":[{"href":"https:\/\/asociacionfileteadores.com\/doceencuentro\/index.php\/wp-json\/wp\/v2\/media?parent=2356"}],"curies":[{"name":"wp","href":"https:\/\/api.w.org\/{rel}","templated":true}]}}