{"id":2563,"date":"2023-09-12T15:50:58","date_gmt":"2023-09-12T13:50:58","guid":{"rendered":"https:\/\/asociacionfileteadores.com\/doceencuentro\/?page_id=2563"},"modified":"2023-09-12T17:10:02","modified_gmt":"2023-09-12T15:10:02","slug":"hector-bonino","status":"publish","type":"page","link":"https:\/\/asociacionfileteadores.com\/doceencuentro\/index.php\/hector-bonino\/","title":{"rendered":"H\u00e9ctor Bonino"},"content":{"rendered":"\t\t<div data-elementor-type=\"wp-page\" data-elementor-id=\"2563\" class=\"elementor elementor-2563\">\n\t\t\t\t\t\t\t\t\t<section class=\"elementor-section elementor-top-section elementor-element elementor-element-1423799 elementor-section-boxed elementor-section-height-default elementor-section-height-default\" data-id=\"1423799\" data-element_type=\"section\">\n\t\t\t\t\t\t<div class=\"elementor-container elementor-column-gap-default\">\n\t\t\t\t\t<div class=\"elementor-column elementor-col-100 elementor-top-column elementor-element elementor-element-47677f3\" data-id=\"47677f3\" data-element_type=\"column\">\n\t\t\t<div class=\"elementor-widget-wrap elementor-element-populated\">\n\t\t\t\t\t\t\t\t<div class=\"elementor-element elementor-element-d34fc6f elementor-widget elementor-widget-image\" data-id=\"d34fc6f\" data-element_type=\"widget\" data-widget_type=\"image.default\">\n\t\t\t\t<div class=\"elementor-widget-container\">\n\t\t\t<style>\/*! elementor - v3.15.0 - 20-08-2023 *\/\n.elementor-widget-image{text-align:center}.elementor-widget-image a{display:inline-block}.elementor-widget-image a img[src$=\".svg\"]{width:48px}.elementor-widget-image img{vertical-align:middle;display:inline-block}<\/style>\t\t\t\t\t\t\t\t\t\t\t\t<img loading=\"lazy\" decoding=\"async\" width=\"750\" height=\"394\" src=\"https:\/\/asociacionfileteadores.com\/doceencuentro\/wp-content\/uploads\/2023\/09\/hector-bonino0.jpg\" class=\"attachment-large size-large wp-image-2467\" alt=\"\" srcset=\"https:\/\/asociacionfileteadores.com\/doceencuentro\/wp-content\/uploads\/2023\/09\/hector-bonino0.jpg 800w, https:\/\/asociacionfileteadores.com\/doceencuentro\/wp-content\/uploads\/2023\/09\/hector-bonino0-300x158.jpg 300w, https:\/\/asociacionfileteadores.com\/doceencuentro\/wp-content\/uploads\/2023\/09\/hector-bonino0-768x403.jpg 768w\" sizes=\"auto, (max-width: 750px) 100vw, 750px\" \/>\t\t\t\t\t\t\t\t\t\t\t\t\t\t\t<\/div>\n\t\t\t\t<\/div>\n\t\t\t\t\t<\/div>\n\t\t<\/div>\n\t\t\t\t\t\t\t<\/div>\n\t\t<\/section>\n\t\t\t\t<section class=\"elementor-section elementor-top-section elementor-element elementor-element-5e60af8 elementor-section-boxed elementor-section-height-default elementor-section-height-default\" data-id=\"5e60af8\" data-element_type=\"section\">\n\t\t\t\t\t\t<div class=\"elementor-container elementor-column-gap-default\">\n\t\t\t\t\t<div class=\"elementor-column elementor-col-100 elementor-top-column elementor-element elementor-element-55c5432\" data-id=\"55c5432\" data-element_type=\"column\">\n\t\t\t<div class=\"elementor-widget-wrap elementor-element-populated\">\n\t\t\t\t\t\t\t\t<div class=\"elementor-element elementor-element-65288b8 elementor-widget elementor-widget-text-editor\" data-id=\"65288b8\" data-element_type=\"widget\" data-widget_type=\"text-editor.default\">\n\t\t\t\t<div class=\"elementor-widget-container\">\n\t\t\t<style>\/*! elementor - v3.15.0 - 20-08-2023 *\/\n.elementor-widget-text-editor.elementor-drop-cap-view-stacked .elementor-drop-cap{background-color:#69727d;color:#fff}.elementor-widget-text-editor.elementor-drop-cap-view-framed .elementor-drop-cap{color:#69727d;border:3px solid;background-color:transparent}.elementor-widget-text-editor:not(.elementor-drop-cap-view-default) .elementor-drop-cap{margin-top:8px}.elementor-widget-text-editor:not(.elementor-drop-cap-view-default) .elementor-drop-cap-letter{width:1em;height:1em}.elementor-widget-text-editor .elementor-drop-cap{float:left;text-align:center;line-height:1;font-size:50px}.elementor-widget-text-editor .elementor-drop-cap-letter{display:inline-block}<\/style>\t\t\t\t<p><strong>H\u00e9ctor Bonino, artista del pincel de zona sur<\/strong><\/p><p><span style=\"font-weight: 400;\">El 15 de abril de 1935 nace el artista pl\u00e1stico y fileteador H\u00e9ctor Bonino. Profesor de Dibujo y Pintura, Dise\u00f1ador Gr\u00e1fico y Publicista, es un reconocido vecino de la ciudad de Llavallol.<\/span><\/p><p><span style=\"font-weight: 400;\">Estudia en la Academia Nacional de Bellas Artes Prilidiano Pueyrred\u00f3n, egresando en el a\u00f1o 1956 como Profesor de Dibujo y Pintura. Adem\u00e1s, es promoci\u00f3n1987 como letrista-fileteador del Consejo Nacional de Educaci\u00f3n T\u00e9cnica (CONET).<\/span><\/p><p><span style=\"font-weight: 400;\">Desarrolla una labor incansable para crear centros de arte en su zona. Realiza exposiciones en la Casa de Cultura de Almirante Brown, en Adrogu\u00e9, en la Universidad Nacional de Lan\u00fas (UNLa) y en Monte Grande. Expone en la ciudad de Buenos Aires con sus compa\u00f1eros de la Pueyrred\u00f3n con el nombre de \u201cGrupo 56\u201d. Lleva el fileteado a varias provincias argentinas con gran \u00e9xito, siendo un docente vehemente. Poseen obras suyas empresas importantes del Gran Buenos Aires, Museos, Parroquias y Hospitales. En los \u00faltimos a\u00f1os integra el jurado de m\u00e1s de una decena de concursos de pintura.<\/span><\/p><p><span style=\"font-weight: 400;\">Expone en varias ediciones de los Encuentros de Fileteadores organizados desde el 2012 por la Asociaci\u00f3n de Fileteadores. En 2013, durante la presentaci\u00f3n oficial de la Asociaci\u00f3n de Fileteadores y exposici\u00f3n de obras de sus miembros en el Museo de la Ciudad, es declarado Socio de Honor en reconocimiento a su invalorable aporte y desempe\u00f1o en el mundo del filete porte\u00f1o, el arte y la cultura. Adem\u00e1s, en el marco del 7\u00b0 Encuentro Anual de Fileteadores del a\u00f1o 2018, la Asociaci\u00f3n de Fileteadores le entrega su m\u00e1ximo reconocimiento, la \u201cOrden del Pincel\u201d, como homenaje a su trayectoria.<\/span><\/p><p><span style=\"font-weight: 400;\">Durante los meses de junio y julio de 2018 realiza la muestra \u201cDe lo real. A lo abstracto\u2026\u201d, que consta de 14 pinturas de arte abstracto y 14 obras de filete porte\u00f1o.<\/span><\/p><p><span style=\"font-weight: 400;\">Por su destacado compromiso con la sociedad y por haber trascendido en su tarea cotidiana, en 2019 el Honorable Concejo Deliberante de Lomas de Zamora lo declara \u201cVecino Ilustre\u201d.<\/span><\/p>\t\t\t\t\t\t<\/div>\n\t\t\t\t<\/div>\n\t\t\t\t\t<\/div>\n\t\t<\/div>\n\t\t\t\t\t\t\t<\/div>\n\t\t<\/section>\n\t\t\t\t<section class=\"elementor-section elementor-top-section elementor-element elementor-element-00c58d9 elementor-section-boxed elementor-section-height-default elementor-section-height-default\" data-id=\"00c58d9\" data-element_type=\"section\">\n\t\t\t\t\t\t<div class=\"elementor-container elementor-column-gap-default\">\n\t\t\t\t\t<div class=\"elementor-column elementor-col-100 elementor-top-column elementor-element elementor-element-80c97e5\" data-id=\"80c97e5\" data-element_type=\"column\">\n\t\t\t<div class=\"elementor-widget-wrap elementor-element-populated\">\n\t\t\t\t\t\t\t\t<div class=\"elementor-element elementor-element-74a2bea elementor-widget elementor-widget-image-gallery\" data-id=\"74a2bea\" data-element_type=\"widget\" data-widget_type=\"image-gallery.default\">\n\t\t\t\t<div class=\"elementor-widget-container\">\n\t\t\t<style>\/*! elementor - v3.15.0 - 20-08-2023 *\/\n.elementor-image-gallery .gallery-item{display:inline-block;text-align:center;vertical-align:top;width:100%;max-width:100%;margin:0 auto}.elementor-image-gallery .gallery-item img{margin:0 auto}.elementor-image-gallery .gallery-item .gallery-caption{margin:0}.elementor-image-gallery figure img{display:block}.elementor-image-gallery figure figcaption{width:100%}.gallery-spacing-custom .elementor-image-gallery .gallery-icon{padding:0}@media (min-width:768px){.elementor-image-gallery .gallery-columns-2 .gallery-item{max-width:50%}.elementor-image-gallery .gallery-columns-3 .gallery-item{max-width:33.33%}.elementor-image-gallery .gallery-columns-4 .gallery-item{max-width:25%}.elementor-image-gallery .gallery-columns-5 .gallery-item{max-width:20%}.elementor-image-gallery .gallery-columns-6 .gallery-item{max-width:16.666%}.elementor-image-gallery .gallery-columns-7 .gallery-item{max-width:14.28%}.elementor-image-gallery .gallery-columns-8 .gallery-item{max-width:12.5%}.elementor-image-gallery .gallery-columns-9 .gallery-item{max-width:11.11%}.elementor-image-gallery .gallery-columns-10 .gallery-item{max-width:10%}}@media (min-width:480px) and (max-width:767px){.elementor-image-gallery .gallery.gallery-columns-2 .gallery-item,.elementor-image-gallery .gallery.gallery-columns-3 .gallery-item,.elementor-image-gallery .gallery.gallery-columns-4 .gallery-item,.elementor-image-gallery .gallery.gallery-columns-5 .gallery-item,.elementor-image-gallery .gallery.gallery-columns-6 .gallery-item,.elementor-image-gallery .gallery.gallery-columns-7 .gallery-item,.elementor-image-gallery .gallery.gallery-columns-8 .gallery-item,.elementor-image-gallery .gallery.gallery-columns-9 .gallery-item,.elementor-image-gallery .gallery.gallery-columns-10 .gallery-item{max-width:50%}}@media (max-width:479px){.elementor-image-gallery .gallery.gallery-columns-2 .gallery-item,.elementor-image-gallery .gallery.gallery-columns-3 .gallery-item,.elementor-image-gallery .gallery.gallery-columns-4 .gallery-item,.elementor-image-gallery .gallery.gallery-columns-5 .gallery-item,.elementor-image-gallery .gallery.gallery-columns-6 .gallery-item,.elementor-image-gallery .gallery.gallery-columns-7 .gallery-item,.elementor-image-gallery .gallery.gallery-columns-8 .gallery-item,.elementor-image-gallery .gallery.gallery-columns-9 .gallery-item,.elementor-image-gallery .gallery.gallery-columns-10 .gallery-item{max-width:100%}}<\/style>\t\t<div class=\"elementor-image-gallery\">\n\t\t\t\n\t\t<style type=\"text\/css\">\n\t\t\t#gallery-1 {\n\t\t\t\tmargin: auto;\n\t\t\t}\n\t\t\t#gallery-1 .gallery-item {\n\t\t\t\tfloat: left;\n\t\t\t\tmargin-top: 10px;\n\t\t\t\ttext-align: center;\n\t\t\t\twidth: 25%;\n\t\t\t}\n\t\t\t#gallery-1 img {\n\t\t\t\tborder: 2px solid #cfcfcf;\n\t\t\t}\n\t\t\t#gallery-1 .gallery-caption {\n\t\t\t\tmargin-left: 0;\n\t\t\t}\n\t\t\t\/* see gallery_shortcode() in wp-includes\/media.php *\/\n\t\t<\/style>\n\t\t<div id='gallery-1' class='gallery galleryid-2563 gallery-columns-4 gallery-size-thumbnail'><dl class='gallery-item'>\n\t\t\t<dt class='gallery-icon portrait'>\n\t\t\t\t<a data-elementor-open-lightbox=\"yes\" data-elementor-lightbox-slideshow=\"74a2bea\" data-elementor-lightbox-title=\"hector bonino1\" data-e-action-hash=\"#elementor-action%3Aaction%3Dlightbox%26settings%3DeyJpZCI6MjYwNSwidXJsIjoiaHR0cHM6XC9cL2Fzb2NpYWNpb25maWxldGVhZG9yZXMuY29tXC9kb2NlZW5jdWVudHJvXC93cC1jb250ZW50XC91cGxvYWRzXC8yMDIzXC8wOVwvaGVjdG9yLWJvbmlubzEuanBnIiwic2xpZGVzaG93IjoiNzRhMmJlYSJ9\" href='https:\/\/asociacionfileteadores.com\/doceencuentro\/wp-content\/uploads\/2023\/09\/hector-bonino1.jpg'><img loading=\"lazy\" decoding=\"async\" width=\"150\" height=\"150\" src=\"https:\/\/asociacionfileteadores.com\/doceencuentro\/wp-content\/uploads\/2023\/09\/hector-bonino1-150x150.jpg\" class=\"attachment-thumbnail size-thumbnail\" alt=\"\" \/><\/a>\n\t\t\t<\/dt><\/dl><dl class='gallery-item'>\n\t\t\t<dt class='gallery-icon landscape'>\n\t\t\t\t<a data-elementor-open-lightbox=\"yes\" data-elementor-lightbox-slideshow=\"74a2bea\" data-elementor-lightbox-title=\"hector bonino2\" data-e-action-hash=\"#elementor-action%3Aaction%3Dlightbox%26settings%3DeyJpZCI6MjYwNiwidXJsIjoiaHR0cHM6XC9cL2Fzb2NpYWNpb25maWxldGVhZG9yZXMuY29tXC9kb2NlZW5jdWVudHJvXC93cC1jb250ZW50XC91cGxvYWRzXC8yMDIzXC8wOVwvaGVjdG9yLWJvbmlubzIuanBnIiwic2xpZGVzaG93IjoiNzRhMmJlYSJ9\" href='https:\/\/asociacionfileteadores.com\/doceencuentro\/wp-content\/uploads\/2023\/09\/hector-bonino2.jpg'><img loading=\"lazy\" decoding=\"async\" width=\"150\" height=\"150\" src=\"https:\/\/asociacionfileteadores.com\/doceencuentro\/wp-content\/uploads\/2023\/09\/hector-bonino2-150x150.jpg\" class=\"attachment-thumbnail size-thumbnail\" alt=\"\" \/><\/a>\n\t\t\t<\/dt><\/dl><dl class='gallery-item'>\n\t\t\t<dt class='gallery-icon portrait'>\n\t\t\t\t<a data-elementor-open-lightbox=\"yes\" data-elementor-lightbox-slideshow=\"74a2bea\" data-elementor-lightbox-title=\"hector bonino3\" data-e-action-hash=\"#elementor-action%3Aaction%3Dlightbox%26settings%3DeyJpZCI6MjYwNywidXJsIjoiaHR0cHM6XC9cL2Fzb2NpYWNpb25maWxldGVhZG9yZXMuY29tXC9kb2NlZW5jdWVudHJvXC93cC1jb250ZW50XC91cGxvYWRzXC8yMDIzXC8wOVwvaGVjdG9yLWJvbmlubzMuanBnIiwic2xpZGVzaG93IjoiNzRhMmJlYSJ9\" href='https:\/\/asociacionfileteadores.com\/doceencuentro\/wp-content\/uploads\/2023\/09\/hector-bonino3.jpg'><img loading=\"lazy\" decoding=\"async\" width=\"150\" height=\"150\" src=\"https:\/\/asociacionfileteadores.com\/doceencuentro\/wp-content\/uploads\/2023\/09\/hector-bonino3-150x150.jpg\" class=\"attachment-thumbnail size-thumbnail\" alt=\"\" \/><\/a>\n\t\t\t<\/dt><\/dl><dl class='gallery-item'>\n\t\t\t<dt class='gallery-icon landscape'>\n\t\t\t\t<a data-elementor-open-lightbox=\"yes\" data-elementor-lightbox-slideshow=\"74a2bea\" data-elementor-lightbox-title=\"hector bonino4\" data-e-action-hash=\"#elementor-action%3Aaction%3Dlightbox%26settings%3DeyJpZCI6MjYwOCwidXJsIjoiaHR0cHM6XC9cL2Fzb2NpYWNpb25maWxldGVhZG9yZXMuY29tXC9kb2NlZW5jdWVudHJvXC93cC1jb250ZW50XC91cGxvYWRzXC8yMDIzXC8wOVwvaGVjdG9yLWJvbmlubzQuanBnIiwic2xpZGVzaG93IjoiNzRhMmJlYSJ9\" href='https:\/\/asociacionfileteadores.com\/doceencuentro\/wp-content\/uploads\/2023\/09\/hector-bonino4.jpg'><img loading=\"lazy\" decoding=\"async\" width=\"150\" height=\"150\" src=\"https:\/\/asociacionfileteadores.com\/doceencuentro\/wp-content\/uploads\/2023\/09\/hector-bonino4-150x150.jpg\" class=\"attachment-thumbnail size-thumbnail\" alt=\"\" \/><\/a>\n\t\t\t<\/dt><\/dl><br style=\"clear: both\" \/><dl class='gallery-item'>\n\t\t\t<dt class='gallery-icon landscape'>\n\t\t\t\t<a data-elementor-open-lightbox=\"yes\" data-elementor-lightbox-slideshow=\"74a2bea\" data-elementor-lightbox-title=\"hector bonino5\" data-e-action-hash=\"#elementor-action%3Aaction%3Dlightbox%26settings%3DeyJpZCI6MjYwOSwidXJsIjoiaHR0cHM6XC9cL2Fzb2NpYWNpb25maWxldGVhZG9yZXMuY29tXC9kb2NlZW5jdWVudHJvXC93cC1jb250ZW50XC91cGxvYWRzXC8yMDIzXC8wOVwvaGVjdG9yLWJvbmlubzUuanBnIiwic2xpZGVzaG93IjoiNzRhMmJlYSJ9\" href='https:\/\/asociacionfileteadores.com\/doceencuentro\/wp-content\/uploads\/2023\/09\/hector-bonino5.jpg'><img loading=\"lazy\" decoding=\"async\" width=\"150\" height=\"150\" src=\"https:\/\/asociacionfileteadores.com\/doceencuentro\/wp-content\/uploads\/2023\/09\/hector-bonino5-150x150.jpg\" class=\"attachment-thumbnail size-thumbnail\" alt=\"\" \/><\/a>\n\t\t\t<\/dt><\/dl><dl class='gallery-item'>\n\t\t\t<dt class='gallery-icon portrait'>\n\t\t\t\t<a data-elementor-open-lightbox=\"yes\" data-elementor-lightbox-slideshow=\"74a2bea\" data-elementor-lightbox-title=\"hector bonino6\" data-e-action-hash=\"#elementor-action%3Aaction%3Dlightbox%26settings%3DeyJpZCI6MjYxMCwidXJsIjoiaHR0cHM6XC9cL2Fzb2NpYWNpb25maWxldGVhZG9yZXMuY29tXC9kb2NlZW5jdWVudHJvXC93cC1jb250ZW50XC91cGxvYWRzXC8yMDIzXC8wOVwvaGVjdG9yLWJvbmlubzYuanBnIiwic2xpZGVzaG93IjoiNzRhMmJlYSJ9\" href='https:\/\/asociacionfileteadores.com\/doceencuentro\/wp-content\/uploads\/2023\/09\/hector-bonino6.jpg'><img loading=\"lazy\" decoding=\"async\" width=\"150\" height=\"150\" src=\"https:\/\/asociacionfileteadores.com\/doceencuentro\/wp-content\/uploads\/2023\/09\/hector-bonino6-150x150.jpg\" class=\"attachment-thumbnail size-thumbnail\" alt=\"\" \/><\/a>\n\t\t\t<\/dt><\/dl><dl class='gallery-item'>\n\t\t\t<dt class='gallery-icon landscape'>\n\t\t\t\t<a data-elementor-open-lightbox=\"yes\" data-elementor-lightbox-slideshow=\"74a2bea\" data-elementor-lightbox-title=\"hector bonino7\" data-e-action-hash=\"#elementor-action%3Aaction%3Dlightbox%26settings%3DeyJpZCI6MjYxMSwidXJsIjoiaHR0cHM6XC9cL2Fzb2NpYWNpb25maWxldGVhZG9yZXMuY29tXC9kb2NlZW5jdWVudHJvXC93cC1jb250ZW50XC91cGxvYWRzXC8yMDIzXC8wOVwvaGVjdG9yLWJvbmlubzcuanBnIiwic2xpZGVzaG93IjoiNzRhMmJlYSJ9\" href='https:\/\/asociacionfileteadores.com\/doceencuentro\/wp-content\/uploads\/2023\/09\/hector-bonino7.jpg'><img loading=\"lazy\" decoding=\"async\" width=\"150\" height=\"150\" src=\"https:\/\/asociacionfileteadores.com\/doceencuentro\/wp-content\/uploads\/2023\/09\/hector-bonino7-150x150.jpg\" class=\"attachment-thumbnail size-thumbnail\" alt=\"\" \/><\/a>\n\t\t\t<\/dt><\/dl><dl class='gallery-item'>\n\t\t\t<dt class='gallery-icon landscape'>\n\t\t\t\t<a data-elementor-open-lightbox=\"yes\" data-elementor-lightbox-slideshow=\"74a2bea\" data-elementor-lightbox-title=\"hector bonino8\" data-e-action-hash=\"#elementor-action%3Aaction%3Dlightbox%26settings%3DeyJpZCI6MjYxMiwidXJsIjoiaHR0cHM6XC9cL2Fzb2NpYWNpb25maWxldGVhZG9yZXMuY29tXC9kb2NlZW5jdWVudHJvXC93cC1jb250ZW50XC91cGxvYWRzXC8yMDIzXC8wOVwvaGVjdG9yLWJvbmlubzguanBnIiwic2xpZGVzaG93IjoiNzRhMmJlYSJ9\" href='https:\/\/asociacionfileteadores.com\/doceencuentro\/wp-content\/uploads\/2023\/09\/hector-bonino8.jpg'><img loading=\"lazy\" decoding=\"async\" width=\"150\" height=\"150\" src=\"https:\/\/asociacionfileteadores.com\/doceencuentro\/wp-content\/uploads\/2023\/09\/hector-bonino8-150x150.jpg\" class=\"attachment-thumbnail size-thumbnail\" alt=\"\" \/><\/a>\n\t\t\t<\/dt><\/dl><br style=\"clear: both\" \/><dl class='gallery-item'>\n\t\t\t<dt class='gallery-icon portrait'>\n\t\t\t\t<a data-elementor-open-lightbox=\"yes\" data-elementor-lightbox-slideshow=\"74a2bea\" data-elementor-lightbox-title=\"hector bonino9\" data-e-action-hash=\"#elementor-action%3Aaction%3Dlightbox%26settings%3DeyJpZCI6MjYxMywidXJsIjoiaHR0cHM6XC9cL2Fzb2NpYWNpb25maWxldGVhZG9yZXMuY29tXC9kb2NlZW5jdWVudHJvXC93cC1jb250ZW50XC91cGxvYWRzXC8yMDIzXC8wOVwvaGVjdG9yLWJvbmlubzkuanBnIiwic2xpZGVzaG93IjoiNzRhMmJlYSJ9\" href='https:\/\/asociacionfileteadores.com\/doceencuentro\/wp-content\/uploads\/2023\/09\/hector-bonino9.jpg'><img loading=\"lazy\" decoding=\"async\" width=\"150\" height=\"150\" src=\"https:\/\/asociacionfileteadores.com\/doceencuentro\/wp-content\/uploads\/2023\/09\/hector-bonino9-150x150.jpg\" class=\"attachment-thumbnail size-thumbnail\" alt=\"\" \/><\/a>\n\t\t\t<\/dt><\/dl><dl class='gallery-item'>\n\t\t\t<dt class='gallery-icon portrait'>\n\t\t\t\t<a data-elementor-open-lightbox=\"yes\" data-elementor-lightbox-slideshow=\"74a2bea\" data-elementor-lightbox-title=\"hector bonino10\" data-e-action-hash=\"#elementor-action%3Aaction%3Dlightbox%26settings%3DeyJpZCI6MjYxNCwidXJsIjoiaHR0cHM6XC9cL2Fzb2NpYWNpb25maWxldGVhZG9yZXMuY29tXC9kb2NlZW5jdWVudHJvXC93cC1jb250ZW50XC91cGxvYWRzXC8yMDIzXC8wOVwvaGVjdG9yLWJvbmlubzEwLmpwZyIsInNsaWRlc2hvdyI6Ijc0YTJiZWEifQ%3D%3D\" href='https:\/\/asociacionfileteadores.com\/doceencuentro\/wp-content\/uploads\/2023\/09\/hector-bonino10.jpg'><img loading=\"lazy\" decoding=\"async\" width=\"150\" height=\"150\" src=\"https:\/\/asociacionfileteadores.com\/doceencuentro\/wp-content\/uploads\/2023\/09\/hector-bonino10-150x150.jpg\" class=\"attachment-thumbnail size-thumbnail\" alt=\"\" \/><\/a>\n\t\t\t<\/dt><\/dl><dl class='gallery-item'>\n\t\t\t<dt class='gallery-icon portrait'>\n\t\t\t\t<a data-elementor-open-lightbox=\"yes\" data-elementor-lightbox-slideshow=\"74a2bea\" data-elementor-lightbox-title=\"hector bonino11\" data-e-action-hash=\"#elementor-action%3Aaction%3Dlightbox%26settings%3DeyJpZCI6MjYxNSwidXJsIjoiaHR0cHM6XC9cL2Fzb2NpYWNpb25maWxldGVhZG9yZXMuY29tXC9kb2NlZW5jdWVudHJvXC93cC1jb250ZW50XC91cGxvYWRzXC8yMDIzXC8wOVwvaGVjdG9yLWJvbmlubzExLmpwZyIsInNsaWRlc2hvdyI6Ijc0YTJiZWEifQ%3D%3D\" href='https:\/\/asociacionfileteadores.com\/doceencuentro\/wp-content\/uploads\/2023\/09\/hector-bonino11.jpg'><img loading=\"lazy\" decoding=\"async\" width=\"150\" height=\"150\" src=\"https:\/\/asociacionfileteadores.com\/doceencuentro\/wp-content\/uploads\/2023\/09\/hector-bonino11-150x150.jpg\" class=\"attachment-thumbnail size-thumbnail\" alt=\"\" \/><\/a>\n\t\t\t<\/dt><\/dl><dl class='gallery-item'>\n\t\t\t<dt class='gallery-icon portrait'>\n\t\t\t\t<a data-elementor-open-lightbox=\"yes\" data-elementor-lightbox-slideshow=\"74a2bea\" data-elementor-lightbox-title=\"hector bonino12\" data-e-action-hash=\"#elementor-action%3Aaction%3Dlightbox%26settings%3DeyJpZCI6MjYxNiwidXJsIjoiaHR0cHM6XC9cL2Fzb2NpYWNpb25maWxldGVhZG9yZXMuY29tXC9kb2NlZW5jdWVudHJvXC93cC1jb250ZW50XC91cGxvYWRzXC8yMDIzXC8wOVwvaGVjdG9yLWJvbmlubzEyLmpwZyIsInNsaWRlc2hvdyI6Ijc0YTJiZWEifQ%3D%3D\" href='https:\/\/asociacionfileteadores.com\/doceencuentro\/wp-content\/uploads\/2023\/09\/hector-bonino12.jpg'><img loading=\"lazy\" decoding=\"async\" width=\"150\" height=\"150\" src=\"https:\/\/asociacionfileteadores.com\/doceencuentro\/wp-content\/uploads\/2023\/09\/hector-bonino12-150x150.jpg\" class=\"attachment-thumbnail size-thumbnail\" alt=\"\" \/><\/a>\n\t\t\t<\/dt><\/dl><br style=\"clear: both\" \/><dl class='gallery-item'>\n\t\t\t<dt class='gallery-icon landscape'>\n\t\t\t\t<a data-elementor-open-lightbox=\"yes\" data-elementor-lightbox-slideshow=\"74a2bea\" data-elementor-lightbox-title=\"hector bonino13\" data-e-action-hash=\"#elementor-action%3Aaction%3Dlightbox%26settings%3DeyJpZCI6MjYxNywidXJsIjoiaHR0cHM6XC9cL2Fzb2NpYWNpb25maWxldGVhZG9yZXMuY29tXC9kb2NlZW5jdWVudHJvXC93cC1jb250ZW50XC91cGxvYWRzXC8yMDIzXC8wOVwvaGVjdG9yLWJvbmlubzEzLmpwZyIsInNsaWRlc2hvdyI6Ijc0YTJiZWEifQ%3D%3D\" href='https:\/\/asociacionfileteadores.com\/doceencuentro\/wp-content\/uploads\/2023\/09\/hector-bonino13.jpg'><img loading=\"lazy\" decoding=\"async\" width=\"150\" height=\"150\" src=\"https:\/\/asociacionfileteadores.com\/doceencuentro\/wp-content\/uploads\/2023\/09\/hector-bonino13-150x150.jpg\" class=\"attachment-thumbnail size-thumbnail\" alt=\"\" \/><\/a>\n\t\t\t<\/dt><\/dl><dl class='gallery-item'>\n\t\t\t<dt class='gallery-icon landscape'>\n\t\t\t\t<a data-elementor-open-lightbox=\"yes\" data-elementor-lightbox-slideshow=\"74a2bea\" data-elementor-lightbox-title=\"hector bonino14\" data-e-action-hash=\"#elementor-action%3Aaction%3Dlightbox%26settings%3DeyJpZCI6MjYxOCwidXJsIjoiaHR0cHM6XC9cL2Fzb2NpYWNpb25maWxldGVhZG9yZXMuY29tXC9kb2NlZW5jdWVudHJvXC93cC1jb250ZW50XC91cGxvYWRzXC8yMDIzXC8wOVwvaGVjdG9yLWJvbmlubzE0LmpwZyIsInNsaWRlc2hvdyI6Ijc0YTJiZWEifQ%3D%3D\" href='https:\/\/asociacionfileteadores.com\/doceencuentro\/wp-content\/uploads\/2023\/09\/hector-bonino14.jpg'><img loading=\"lazy\" decoding=\"async\" width=\"150\" height=\"150\" src=\"https:\/\/asociacionfileteadores.com\/doceencuentro\/wp-content\/uploads\/2023\/09\/hector-bonino14-150x150.jpg\" class=\"attachment-thumbnail size-thumbnail\" alt=\"\" \/><\/a>\n\t\t\t<\/dt><\/dl>\n\t\t\t<br style='clear: both' \/>\n\t\t<\/div>\n\t\t<\/div>\n\t\t\t\t<\/div>\n\t\t\t\t<\/div>\n\t\t\t\t\t<\/div>\n\t\t<\/div>\n\t\t\t\t\t\t\t<\/div>\n\t\t<\/section>\n\t\t\t\t\t\t\t<\/div>\n\t\t","protected":false},"excerpt":{"rendered":"<p>H\u00e9ctor Bonino, artista del pincel de zona sur El 15 de abril de 1935 nace el artista pl\u00e1stico y fileteador H\u00e9ctor Bonino. Profesor de Dibujo y Pintura, Dise\u00f1ador Gr\u00e1fico y Publicista, es un reconocido vecino de la ciudad de Llavallol. Estudia en la Academia Nacional de Bellas Artes Prilidiano Pueyrred\u00f3n, [&hellip;]<\/p>\n","protected":false},"author":1,"featured_media":0,"parent":0,"menu_order":0,"comment_status":"closed","ping_status":"closed","template":"elementor_theme","meta":{"footnotes":""},"class_list":["post-2563","page","type-page","status-publish","hentry"],"_links":{"self":[{"href":"https:\/\/asociacionfileteadores.com\/doceencuentro\/index.php\/wp-json\/wp\/v2\/pages\/2563","targetHints":{"allow":["GET"]}}],"collection":[{"href":"https:\/\/asociacionfileteadores.com\/doceencuentro\/index.php\/wp-json\/wp\/v2\/pages"}],"about":[{"href":"https:\/\/asociacionfileteadores.com\/doceencuentro\/index.php\/wp-json\/wp\/v2\/types\/page"}],"author":[{"embeddable":true,"href":"https:\/\/asociacionfileteadores.com\/doceencuentro\/index.php\/wp-json\/wp\/v2\/users\/1"}],"replies":[{"embeddable":true,"href":"https:\/\/asociacionfileteadores.com\/doceencuentro\/index.php\/wp-json\/wp\/v2\/comments?post=2563"}],"version-history":[{"count":13,"href":"https:\/\/asociacionfileteadores.com\/doceencuentro\/index.php\/wp-json\/wp\/v2\/pages\/2563\/revisions"}],"predecessor-version":[{"id":2824,"href":"https:\/\/asociacionfileteadores.com\/doceencuentro\/index.php\/wp-json\/wp\/v2\/pages\/2563\/revisions\/2824"}],"wp:attachment":[{"href":"https:\/\/asociacionfileteadores.com\/doceencuentro\/index.php\/wp-json\/wp\/v2\/media?parent=2563"}],"curies":[{"name":"wp","href":"https:\/\/api.w.org\/{rel}","templated":true}]}}