{"id":2570,"date":"2023-09-12T15:50:58","date_gmt":"2023-09-12T13:50:58","guid":{"rendered":"https:\/\/asociacionfileteadores.com\/doceencuentro\/?page_id=2570"},"modified":"2023-09-12T16:42:16","modified_gmt":"2023-09-12T14:42:16","slug":"victor-carrusc","status":"publish","type":"page","link":"https:\/\/asociacionfileteadores.com\/doceencuentro\/index.php\/victor-carrusc\/","title":{"rendered":"V\u00edctor Carrusca"},"content":{"rendered":"\t\t<div data-elementor-type=\"wp-page\" data-elementor-id=\"2570\" class=\"elementor elementor-2570\">\n\t\t\t\t\t\t\t\t\t<section class=\"elementor-section elementor-top-section elementor-element elementor-element-f9bd06f elementor-section-boxed elementor-section-height-default elementor-section-height-default\" data-id=\"f9bd06f\" data-element_type=\"section\">\n\t\t\t\t\t\t<div class=\"elementor-container elementor-column-gap-default\">\n\t\t\t\t\t<div class=\"elementor-column elementor-col-100 elementor-top-column elementor-element elementor-element-caed526\" data-id=\"caed526\" data-element_type=\"column\">\n\t\t\t<div class=\"elementor-widget-wrap elementor-element-populated\">\n\t\t\t\t\t\t\t\t<div class=\"elementor-element elementor-element-b98afbe elementor-widget elementor-widget-text-editor\" data-id=\"b98afbe\" data-element_type=\"widget\" data-widget_type=\"text-editor.default\">\n\t\t\t\t<div class=\"elementor-widget-container\">\n\t\t\t<style>\/*! elementor - v3.15.0 - 20-08-2023 *\/\n.elementor-widget-text-editor.elementor-drop-cap-view-stacked .elementor-drop-cap{background-color:#69727d;color:#fff}.elementor-widget-text-editor.elementor-drop-cap-view-framed .elementor-drop-cap{color:#69727d;border:3px solid;background-color:transparent}.elementor-widget-text-editor:not(.elementor-drop-cap-view-default) .elementor-drop-cap{margin-top:8px}.elementor-widget-text-editor:not(.elementor-drop-cap-view-default) .elementor-drop-cap-letter{width:1em;height:1em}.elementor-widget-text-editor .elementor-drop-cap{float:left;text-align:center;line-height:1;font-size:50px}.elementor-widget-text-editor .elementor-drop-cap-letter{display:inline-block}<\/style>\t\t\t\t<p><strong>V\u00edctor Carrusca<\/strong><\/p><p><span style=\"font-weight: 400;\">Maestro Fileteador, naci\u00f3 el 5 de julio de 1940 en Ramos Mej\u00eda.<\/span><\/p><p><span style=\"font-weight: 400;\">Desde chico le gustaba mucho dibujar y pintar.<\/span><\/p><p><span style=\"font-weight: 400;\">Su pap\u00e1 ten\u00eda puesto de verdura y sol\u00eda llevarlo los s\u00e1bados de madrugada a buscar mercader\u00eda al abasto. V\u00edctor se quedaba maravillado con la infinidad de carros y camiones del mercado y los observaba extasiado, despertando en \u00e9l una gran pasi\u00f3n por el fileteado.<\/span><\/p><p><span style=\"font-weight: 400;\">A los 13 a\u00f1os, su t\u00edo colectivero le consigue un empleo de chapista en una carrocer\u00eda. Al mes pas\u00f3 a la carpinter\u00eda y cuando terminaba su horario se quedaba observando a los fileteadores, fascinado.<\/span><\/p><p><span style=\"font-weight: 400;\">Decidido a aprender el oficio por su cuenta, practica a diario, hasta que a los 17 a\u00f1os queda como fileteador oficial de la carrocer\u00eda. Ah\u00ed se especializ\u00f3 en el fileteado de colectivos, desempe\u00f1\u00e1ndose con maestr\u00eda.<\/span><\/p><p><\/p><p><span style=\"font-weight: 400;\">En el a\u00f1o 2000, al fundirse la empresa, se pone un pintoresco local en la calle Dean Funez, del barrio de Pompeya, donde se dedica de lleno a la carteler\u00eda. Trabaj\u00f3 sin parar, realizando todo tipo de trabajos en bares, bodegones y sobre todo, carteler\u00eda para el turismo, desarrollando un estilo personal de gran calidad.<\/span><\/p><p><\/p><p><span style=\"font-weight: 400;\">Por su valioso aporte al filete porte\u00f1o, en 2017, la Asociaci\u00f3n de Fileteadores le distingue con gran satisfacci\u00f3n con \u201cLa Orden del Pincel\u201d.<\/span><\/p><p><span style=\"font-weight: 400;\">Al a\u00f1o siguiente, un 8 de noviembre, fallece, dejando en su obra un valioso legado.<\/span><\/p>\t\t\t\t\t\t<\/div>\n\t\t\t\t<\/div>\n\t\t\t\t\t<\/div>\n\t\t<\/div>\n\t\t\t\t\t\t\t<\/div>\n\t\t<\/section>\n\t\t\t\t<section class=\"elementor-section elementor-top-section elementor-element elementor-element-c792481 elementor-section-boxed elementor-section-height-default elementor-section-height-default\" data-id=\"c792481\" data-element_type=\"section\">\n\t\t\t\t\t\t<div class=\"elementor-container elementor-column-gap-default\">\n\t\t\t\t\t<div class=\"elementor-column elementor-col-100 elementor-top-column elementor-element elementor-element-f44664f\" data-id=\"f44664f\" data-element_type=\"column\">\n\t\t\t<div class=\"elementor-widget-wrap elementor-element-populated\">\n\t\t\t\t\t\t\t\t<div class=\"elementor-element elementor-element-072a4b9 elementor-widget elementor-widget-image-gallery\" data-id=\"072a4b9\" data-element_type=\"widget\" data-widget_type=\"image-gallery.default\">\n\t\t\t\t<div class=\"elementor-widget-container\">\n\t\t\t<style>\/*! elementor - v3.15.0 - 20-08-2023 *\/\n.elementor-image-gallery .gallery-item{display:inline-block;text-align:center;vertical-align:top;width:100%;max-width:100%;margin:0 auto}.elementor-image-gallery .gallery-item img{margin:0 auto}.elementor-image-gallery .gallery-item .gallery-caption{margin:0}.elementor-image-gallery figure img{display:block}.elementor-image-gallery figure figcaption{width:100%}.gallery-spacing-custom .elementor-image-gallery .gallery-icon{padding:0}@media (min-width:768px){.elementor-image-gallery .gallery-columns-2 .gallery-item{max-width:50%}.elementor-image-gallery .gallery-columns-3 .gallery-item{max-width:33.33%}.elementor-image-gallery .gallery-columns-4 .gallery-item{max-width:25%}.elementor-image-gallery .gallery-columns-5 .gallery-item{max-width:20%}.elementor-image-gallery .gallery-columns-6 .gallery-item{max-width:16.666%}.elementor-image-gallery .gallery-columns-7 .gallery-item{max-width:14.28%}.elementor-image-gallery .gallery-columns-8 .gallery-item{max-width:12.5%}.elementor-image-gallery .gallery-columns-9 .gallery-item{max-width:11.11%}.elementor-image-gallery .gallery-columns-10 .gallery-item{max-width:10%}}@media (min-width:480px) and (max-width:767px){.elementor-image-gallery .gallery.gallery-columns-2 .gallery-item,.elementor-image-gallery .gallery.gallery-columns-3 .gallery-item,.elementor-image-gallery .gallery.gallery-columns-4 .gallery-item,.elementor-image-gallery .gallery.gallery-columns-5 .gallery-item,.elementor-image-gallery .gallery.gallery-columns-6 .gallery-item,.elementor-image-gallery .gallery.gallery-columns-7 .gallery-item,.elementor-image-gallery .gallery.gallery-columns-8 .gallery-item,.elementor-image-gallery .gallery.gallery-columns-9 .gallery-item,.elementor-image-gallery .gallery.gallery-columns-10 .gallery-item{max-width:50%}}@media (max-width:479px){.elementor-image-gallery .gallery.gallery-columns-2 .gallery-item,.elementor-image-gallery .gallery.gallery-columns-3 .gallery-item,.elementor-image-gallery .gallery.gallery-columns-4 .gallery-item,.elementor-image-gallery .gallery.gallery-columns-5 .gallery-item,.elementor-image-gallery .gallery.gallery-columns-6 .gallery-item,.elementor-image-gallery .gallery.gallery-columns-7 .gallery-item,.elementor-image-gallery .gallery.gallery-columns-8 .gallery-item,.elementor-image-gallery .gallery.gallery-columns-9 .gallery-item,.elementor-image-gallery .gallery.gallery-columns-10 .gallery-item{max-width:100%}}<\/style>\t\t<div class=\"elementor-image-gallery\">\n\t\t\t\n\t\t<style type=\"text\/css\">\n\t\t\t#gallery-1 {\n\t\t\t\tmargin: auto;\n\t\t\t}\n\t\t\t#gallery-1 .gallery-item {\n\t\t\t\tfloat: left;\n\t\t\t\tmargin-top: 10px;\n\t\t\t\ttext-align: center;\n\t\t\t\twidth: 25%;\n\t\t\t}\n\t\t\t#gallery-1 img {\n\t\t\t\tborder: 2px solid #cfcfcf;\n\t\t\t}\n\t\t\t#gallery-1 .gallery-caption {\n\t\t\t\tmargin-left: 0;\n\t\t\t}\n\t\t\t\/* see gallery_shortcode() in wp-includes\/media.php *\/\n\t\t<\/style>\n\t\t<div id='gallery-1' class='gallery galleryid-2570 gallery-columns-4 gallery-size-thumbnail'><dl class='gallery-item'>\n\t\t\t<dt class='gallery-icon portrait'>\n\t\t\t\t<a data-elementor-open-lightbox=\"yes\" data-elementor-lightbox-slideshow=\"072a4b9\" data-elementor-lightbox-title=\"IMG-20210217-WA0001\" data-e-action-hash=\"#elementor-action%3Aaction%3Dlightbox%26settings%3DeyJpZCI6Mjc0NywidXJsIjoiaHR0cHM6XC9cL2Fzb2NpYWNpb25maWxldGVhZG9yZXMuY29tXC9kb2NlZW5jdWVudHJvXC93cC1jb250ZW50XC91cGxvYWRzXC8yMDIzXC8wOVwvSU1HLTIwMjEwMjE3LVdBMDAwMS5qcGciLCJzbGlkZXNob3ciOiIwNzJhNGI5In0%3D\" href='https:\/\/asociacionfileteadores.com\/doceencuentro\/wp-content\/uploads\/2023\/09\/IMG-20210217-WA0001.jpg'><img loading=\"lazy\" decoding=\"async\" width=\"150\" height=\"150\" src=\"https:\/\/asociacionfileteadores.com\/doceencuentro\/wp-content\/uploads\/2023\/09\/IMG-20210217-WA0001-150x150.jpg\" class=\"attachment-thumbnail size-thumbnail\" alt=\"\" \/><\/a>\n\t\t\t<\/dt><\/dl><dl class='gallery-item'>\n\t\t\t<dt class='gallery-icon landscape'>\n\t\t\t\t<a data-elementor-open-lightbox=\"yes\" data-elementor-lightbox-slideshow=\"072a4b9\" data-elementor-lightbox-title=\"IMG-20210217-WA0002\" data-e-action-hash=\"#elementor-action%3Aaction%3Dlightbox%26settings%3DeyJpZCI6Mjc0OCwidXJsIjoiaHR0cHM6XC9cL2Fzb2NpYWNpb25maWxldGVhZG9yZXMuY29tXC9kb2NlZW5jdWVudHJvXC93cC1jb250ZW50XC91cGxvYWRzXC8yMDIzXC8wOVwvSU1HLTIwMjEwMjE3LVdBMDAwMi5qcGciLCJzbGlkZXNob3ciOiIwNzJhNGI5In0%3D\" href='https:\/\/asociacionfileteadores.com\/doceencuentro\/wp-content\/uploads\/2023\/09\/IMG-20210217-WA0002.jpg'><img loading=\"lazy\" decoding=\"async\" width=\"150\" height=\"150\" src=\"https:\/\/asociacionfileteadores.com\/doceencuentro\/wp-content\/uploads\/2023\/09\/IMG-20210217-WA0002-150x150.jpg\" class=\"attachment-thumbnail size-thumbnail\" alt=\"\" \/><\/a>\n\t\t\t<\/dt><\/dl><dl class='gallery-item'>\n\t\t\t<dt class='gallery-icon portrait'>\n\t\t\t\t<a data-elementor-open-lightbox=\"yes\" data-elementor-lightbox-slideshow=\"072a4b9\" data-elementor-lightbox-title=\"IMG-20210217-WA0003\" data-e-action-hash=\"#elementor-action%3Aaction%3Dlightbox%26settings%3DeyJpZCI6Mjc0OSwidXJsIjoiaHR0cHM6XC9cL2Fzb2NpYWNpb25maWxldGVhZG9yZXMuY29tXC9kb2NlZW5jdWVudHJvXC93cC1jb250ZW50XC91cGxvYWRzXC8yMDIzXC8wOVwvSU1HLTIwMjEwMjE3LVdBMDAwMy5qcGciLCJzbGlkZXNob3ciOiIwNzJhNGI5In0%3D\" href='https:\/\/asociacionfileteadores.com\/doceencuentro\/wp-content\/uploads\/2023\/09\/IMG-20210217-WA0003.jpg'><img loading=\"lazy\" decoding=\"async\" width=\"150\" height=\"150\" src=\"https:\/\/asociacionfileteadores.com\/doceencuentro\/wp-content\/uploads\/2023\/09\/IMG-20210217-WA0003-150x150.jpg\" class=\"attachment-thumbnail size-thumbnail\" alt=\"\" \/><\/a>\n\t\t\t<\/dt><\/dl><dl class='gallery-item'>\n\t\t\t<dt class='gallery-icon landscape'>\n\t\t\t\t<a data-elementor-open-lightbox=\"yes\" data-elementor-lightbox-slideshow=\"072a4b9\" data-elementor-lightbox-title=\"IMG-20210217-WA0004\" data-e-action-hash=\"#elementor-action%3Aaction%3Dlightbox%26settings%3DeyJpZCI6Mjc1MCwidXJsIjoiaHR0cHM6XC9cL2Fzb2NpYWNpb25maWxldGVhZG9yZXMuY29tXC9kb2NlZW5jdWVudHJvXC93cC1jb250ZW50XC91cGxvYWRzXC8yMDIzXC8wOVwvSU1HLTIwMjEwMjE3LVdBMDAwNC5qcGciLCJzbGlkZXNob3ciOiIwNzJhNGI5In0%3D\" href='https:\/\/asociacionfileteadores.com\/doceencuentro\/wp-content\/uploads\/2023\/09\/IMG-20210217-WA0004.jpg'><img loading=\"lazy\" decoding=\"async\" width=\"150\" height=\"150\" src=\"https:\/\/asociacionfileteadores.com\/doceencuentro\/wp-content\/uploads\/2023\/09\/IMG-20210217-WA0004-150x150.jpg\" class=\"attachment-thumbnail size-thumbnail\" alt=\"\" \/><\/a>\n\t\t\t<\/dt><\/dl><br style=\"clear: both\" \/><dl class='gallery-item'>\n\t\t\t<dt class='gallery-icon portrait'>\n\t\t\t\t<a data-elementor-open-lightbox=\"yes\" data-elementor-lightbox-slideshow=\"072a4b9\" data-elementor-lightbox-title=\"IMG-20210217-WA0005\" data-e-action-hash=\"#elementor-action%3Aaction%3Dlightbox%26settings%3DeyJpZCI6Mjc1MSwidXJsIjoiaHR0cHM6XC9cL2Fzb2NpYWNpb25maWxldGVhZG9yZXMuY29tXC9kb2NlZW5jdWVudHJvXC93cC1jb250ZW50XC91cGxvYWRzXC8yMDIzXC8wOVwvSU1HLTIwMjEwMjE3LVdBMDAwNS5qcGciLCJzbGlkZXNob3ciOiIwNzJhNGI5In0%3D\" href='https:\/\/asociacionfileteadores.com\/doceencuentro\/wp-content\/uploads\/2023\/09\/IMG-20210217-WA0005.jpg'><img loading=\"lazy\" decoding=\"async\" width=\"150\" height=\"150\" src=\"https:\/\/asociacionfileteadores.com\/doceencuentro\/wp-content\/uploads\/2023\/09\/IMG-20210217-WA0005-150x150.jpg\" class=\"attachment-thumbnail size-thumbnail\" alt=\"\" \/><\/a>\n\t\t\t<\/dt><\/dl><dl class='gallery-item'>\n\t\t\t<dt class='gallery-icon portrait'>\n\t\t\t\t<a data-elementor-open-lightbox=\"yes\" data-elementor-lightbox-slideshow=\"072a4b9\" data-elementor-lightbox-title=\"IMG-20210217-WA0006\" data-e-action-hash=\"#elementor-action%3Aaction%3Dlightbox%26settings%3DeyJpZCI6Mjc1MiwidXJsIjoiaHR0cHM6XC9cL2Fzb2NpYWNpb25maWxldGVhZG9yZXMuY29tXC9kb2NlZW5jdWVudHJvXC93cC1jb250ZW50XC91cGxvYWRzXC8yMDIzXC8wOVwvSU1HLTIwMjEwMjE3LVdBMDAwNi5qcGciLCJzbGlkZXNob3ciOiIwNzJhNGI5In0%3D\" href='https:\/\/asociacionfileteadores.com\/doceencuentro\/wp-content\/uploads\/2023\/09\/IMG-20210217-WA0006.jpg'><img loading=\"lazy\" decoding=\"async\" width=\"150\" height=\"150\" src=\"https:\/\/asociacionfileteadores.com\/doceencuentro\/wp-content\/uploads\/2023\/09\/IMG-20210217-WA0006-150x150.jpg\" class=\"attachment-thumbnail size-thumbnail\" alt=\"\" \/><\/a>\n\t\t\t<\/dt><\/dl><dl class='gallery-item'>\n\t\t\t<dt class='gallery-icon landscape'>\n\t\t\t\t<a data-elementor-open-lightbox=\"yes\" data-elementor-lightbox-slideshow=\"072a4b9\" data-elementor-lightbox-title=\"IMG-20210217-WA0007\" data-e-action-hash=\"#elementor-action%3Aaction%3Dlightbox%26settings%3DeyJpZCI6Mjc1MywidXJsIjoiaHR0cHM6XC9cL2Fzb2NpYWNpb25maWxldGVhZG9yZXMuY29tXC9kb2NlZW5jdWVudHJvXC93cC1jb250ZW50XC91cGxvYWRzXC8yMDIzXC8wOVwvSU1HLTIwMjEwMjE3LVdBMDAwNy5qcGciLCJzbGlkZXNob3ciOiIwNzJhNGI5In0%3D\" href='https:\/\/asociacionfileteadores.com\/doceencuentro\/wp-content\/uploads\/2023\/09\/IMG-20210217-WA0007.jpg'><img loading=\"lazy\" decoding=\"async\" width=\"150\" height=\"150\" src=\"https:\/\/asociacionfileteadores.com\/doceencuentro\/wp-content\/uploads\/2023\/09\/IMG-20210217-WA0007-150x150.jpg\" class=\"attachment-thumbnail size-thumbnail\" alt=\"\" \/><\/a>\n\t\t\t<\/dt><\/dl><dl class='gallery-item'>\n\t\t\t<dt class='gallery-icon portrait'>\n\t\t\t\t<a data-elementor-open-lightbox=\"yes\" data-elementor-lightbox-slideshow=\"072a4b9\" data-elementor-lightbox-title=\"IMG-20210217-WA0008\" data-e-action-hash=\"#elementor-action%3Aaction%3Dlightbox%26settings%3DeyJpZCI6Mjc1NCwidXJsIjoiaHR0cHM6XC9cL2Fzb2NpYWNpb25maWxldGVhZG9yZXMuY29tXC9kb2NlZW5jdWVudHJvXC93cC1jb250ZW50XC91cGxvYWRzXC8yMDIzXC8wOVwvSU1HLTIwMjEwMjE3LVdBMDAwOC5qcGciLCJzbGlkZXNob3ciOiIwNzJhNGI5In0%3D\" href='https:\/\/asociacionfileteadores.com\/doceencuentro\/wp-content\/uploads\/2023\/09\/IMG-20210217-WA0008.jpg'><img loading=\"lazy\" decoding=\"async\" width=\"150\" height=\"150\" src=\"https:\/\/asociacionfileteadores.com\/doceencuentro\/wp-content\/uploads\/2023\/09\/IMG-20210217-WA0008-150x150.jpg\" class=\"attachment-thumbnail size-thumbnail\" alt=\"\" \/><\/a>\n\t\t\t<\/dt><\/dl><br style=\"clear: both\" \/><dl class='gallery-item'>\n\t\t\t<dt class='gallery-icon portrait'>\n\t\t\t\t<a data-elementor-open-lightbox=\"yes\" data-elementor-lightbox-slideshow=\"072a4b9\" data-elementor-lightbox-title=\"IMG-20210217-WA0009\" data-e-action-hash=\"#elementor-action%3Aaction%3Dlightbox%26settings%3DeyJpZCI6Mjc1NSwidXJsIjoiaHR0cHM6XC9cL2Fzb2NpYWNpb25maWxldGVhZG9yZXMuY29tXC9kb2NlZW5jdWVudHJvXC93cC1jb250ZW50XC91cGxvYWRzXC8yMDIzXC8wOVwvSU1HLTIwMjEwMjE3LVdBMDAwOS5qcGciLCJzbGlkZXNob3ciOiIwNzJhNGI5In0%3D\" href='https:\/\/asociacionfileteadores.com\/doceencuentro\/wp-content\/uploads\/2023\/09\/IMG-20210217-WA0009.jpg'><img loading=\"lazy\" decoding=\"async\" width=\"150\" height=\"150\" src=\"https:\/\/asociacionfileteadores.com\/doceencuentro\/wp-content\/uploads\/2023\/09\/IMG-20210217-WA0009-150x150.jpg\" class=\"attachment-thumbnail size-thumbnail\" alt=\"\" \/><\/a>\n\t\t\t<\/dt><\/dl>\n\t\t\t<br style='clear: both' \/>\n\t\t<\/div>\n\t\t<\/div>\n\t\t\t\t<\/div>\n\t\t\t\t<\/div>\n\t\t\t\t\t<\/div>\n\t\t<\/div>\n\t\t\t\t\t\t\t<\/div>\n\t\t<\/section>\n\t\t\t\t\t\t\t<\/div>\n\t\t","protected":false},"excerpt":{"rendered":"<p>V\u00edctor Carrusca Maestro Fileteador, naci\u00f3 el 5 de julio de 1940 en Ramos Mej\u00eda. Desde chico le gustaba mucho dibujar y pintar. Su pap\u00e1 ten\u00eda puesto de verdura y sol\u00eda llevarlo los s\u00e1bados de madrugada a buscar mercader\u00eda al abasto. V\u00edctor se quedaba maravillado con la infinidad de carros y [&hellip;]<\/p>\n","protected":false},"author":1,"featured_media":0,"parent":0,"menu_order":0,"comment_status":"closed","ping_status":"closed","template":"elementor_theme","meta":{"footnotes":""},"class_list":["post-2570","page","type-page","status-publish","hentry"],"_links":{"self":[{"href":"https:\/\/asociacionfileteadores.com\/doceencuentro\/index.php\/wp-json\/wp\/v2\/pages\/2570","targetHints":{"allow":["GET"]}}],"collection":[{"href":"https:\/\/asociacionfileteadores.com\/doceencuentro\/index.php\/wp-json\/wp\/v2\/pages"}],"about":[{"href":"https:\/\/asociacionfileteadores.com\/doceencuentro\/index.php\/wp-json\/wp\/v2\/types\/page"}],"author":[{"embeddable":true,"href":"https:\/\/asociacionfileteadores.com\/doceencuentro\/index.php\/wp-json\/wp\/v2\/users\/1"}],"replies":[{"embeddable":true,"href":"https:\/\/asociacionfileteadores.com\/doceencuentro\/index.php\/wp-json\/wp\/v2\/comments?post=2570"}],"version-history":[{"count":8,"href":"https:\/\/asociacionfileteadores.com\/doceencuentro\/index.php\/wp-json\/wp\/v2\/pages\/2570\/revisions"}],"predecessor-version":[{"id":2758,"href":"https:\/\/asociacionfileteadores.com\/doceencuentro\/index.php\/wp-json\/wp\/v2\/pages\/2570\/revisions\/2758"}],"wp:attachment":[{"href":"https:\/\/asociacionfileteadores.com\/doceencuentro\/index.php\/wp-json\/wp\/v2\/media?parent=2570"}],"curies":[{"name":"wp","href":"https:\/\/api.w.org\/{rel}","templated":true}]}}