{"id":29,"date":"2019-06-26T09:29:07","date_gmt":"2019-06-26T09:29:07","guid":{"rendered":"https:\/\/demosktthemes.com\/completefree\/?page_id=29"},"modified":"2022-09-23T14:17:09","modified_gmt":"2022-09-23T14:17:09","slug":"home","status":"publish","type":"page","link":"https:\/\/asociacionfileteadores.com\/once\/","title":{"rendered":"Home"},"content":{"rendered":"\t\t<div data-elementor-type=\"wp-page\" data-elementor-id=\"29\" class=\"elementor elementor-29\">\n\t\t\t\t\t\t<section class=\"elementor-section elementor-top-section elementor-element elementor-element-600dfe9 elementor-section-boxed elementor-section-height-default elementor-section-height-default\" data-id=\"600dfe9\" data-element_type=\"section\" data-e-type=\"section\">\n\t\t\t\t\t\t<div class=\"elementor-container elementor-column-gap-default\">\n\t\t\t\t\t<div class=\"elementor-column elementor-col-100 elementor-top-column elementor-element elementor-element-a3cb4d0\" data-id=\"a3cb4d0\" data-element_type=\"column\" data-e-type=\"column\">\n\t\t\t<div class=\"elementor-widget-wrap elementor-element-populated\">\n\t\t\t\t\t\t<div class=\"elementor-element elementor-element-fd1664e elementor-widget elementor-widget-shortcode\" data-id=\"fd1664e\" data-element_type=\"widget\" data-e-type=\"widget\" data-widget_type=\"shortcode.default\">\n\t\t\t\t<div class=\"elementor-widget-container\">\n\t\t\t\t\t\t\t<div class=\"elementor-shortcode\">\n\n<\/div>\n\t\t\t\t\t\t<\/div>\n\t\t\t\t<\/div>\n\t\t\t\t\t<\/div>\n\t\t<\/div>\n\t\t\t\t\t<\/div>\n\t\t<\/section>\n\t\t\t\t<section class=\"elementor-section elementor-top-section elementor-element elementor-element-79abadc elementor-section-boxed elementor-section-height-default elementor-section-height-default\" data-id=\"79abadc\" data-element_type=\"section\" data-e-type=\"section\">\n\t\t\t\t\t\t<div class=\"elementor-container elementor-column-gap-default\">\n\t\t\t\t\t<div class=\"elementor-column elementor-col-100 elementor-top-column elementor-element elementor-element-a954923\" data-id=\"a954923\" data-element_type=\"column\" data-e-type=\"column\">\n\t\t\t<div class=\"elementor-widget-wrap elementor-element-populated\">\n\t\t\t\t\t\t<div class=\"elementor-element elementor-element-f703a64 elementor-widget elementor-widget-spacer\" data-id=\"f703a64\" data-element_type=\"widget\" data-e-type=\"widget\" data-widget_type=\"spacer.default\">\n\t\t\t\t<div class=\"elementor-widget-container\">\n\t\t\t\t\t\t\t<div class=\"elementor-spacer\">\n\t\t\t<div class=\"elementor-spacer-inner\"><\/div>\n\t\t<\/div>\n\t\t\t\t\t\t<\/div>\n\t\t\t\t<\/div>\n\t\t\t\t\t<\/div>\n\t\t<\/div>\n\t\t\t\t\t<\/div>\n\t\t<\/section>\n\t\t\t\t<section class=\"elementor-section elementor-top-section elementor-element elementor-element-081b2b6 elementor-section-boxed elementor-section-height-default elementor-section-height-default\" data-id=\"081b2b6\" data-element_type=\"section\" data-e-type=\"section\">\n\t\t\t\t\t\t<div class=\"elementor-container elementor-column-gap-default\">\n\t\t\t\t\t<div class=\"elementor-column elementor-col-100 elementor-top-column elementor-element elementor-element-dd221ab\" data-id=\"dd221ab\" data-element_type=\"column\" data-e-type=\"column\">\n\t\t\t<div class=\"elementor-widget-wrap elementor-element-populated\">\n\t\t\t\t\t\t<div class=\"elementor-element elementor-element-966fe8f elementor-widget elementor-widget-text-editor\" data-id=\"966fe8f\" data-element_type=\"widget\" data-e-type=\"widget\" data-widget_type=\"text-editor.default\">\n\t\t\t\t<div class=\"elementor-widget-container\">\n\t\t\t\t\t\t\t\t\t<p style=\"text-align: center;\"><strong>Del 22 al 25 de septiembre<\/strong><span>\u200b<\/span><\/p>\t\t\t\t\t\t\t\t<\/div>\n\t\t\t\t<\/div>\n\t\t\t\t\t<\/div>\n\t\t<\/div>\n\t\t\t\t\t<\/div>\n\t\t<\/section>\n\t\t\t\t<section class=\"elementor-section elementor-top-section elementor-element elementor-element-ea64778 elementor-section-boxed elementor-section-height-default elementor-section-height-default\" data-id=\"ea64778\" data-element_type=\"section\" data-e-type=\"section\">\n\t\t\t\t\t\t<div class=\"elementor-container elementor-column-gap-default\">\n\t\t\t\t\t<div class=\"elementor-column elementor-col-100 elementor-top-column elementor-element elementor-element-8eeeafe\" data-id=\"8eeeafe\" data-element_type=\"column\" data-e-type=\"column\">\n\t\t\t<div class=\"elementor-widget-wrap elementor-element-populated\">\n\t\t\t\t\t\t<div class=\"elementor-element elementor-element-fe14207 elementor-widget elementor-widget-heading\" data-id=\"fe14207\" data-element_type=\"widget\" data-e-type=\"widget\" data-widget_type=\"heading.default\">\n\t\t\t\t<div class=\"elementor-widget-container\">\n\t\t\t\t\t<h2 class=\"elementor-heading-title elementor-size-default\"><b>En Tecn\u00f3polis<\/b><\/h2>\t\t\t\t<\/div>\n\t\t\t\t<\/div>\n\t\t\t\t\t<\/div>\n\t\t<\/div>\n\t\t\t\t\t<\/div>\n\t\t<\/section>\n\t\t\t\t<section class=\"elementor-section elementor-top-section elementor-element elementor-element-0a5ec34 elementor-section-boxed elementor-section-height-default elementor-section-height-default\" data-id=\"0a5ec34\" data-element_type=\"section\" data-e-type=\"section\">\n\t\t\t\t\t\t<div class=\"elementor-container elementor-column-gap-default\">\n\t\t\t\t\t<div class=\"elementor-column elementor-col-100 elementor-top-column elementor-element elementor-element-672c4f2\" data-id=\"672c4f2\" data-element_type=\"column\" data-e-type=\"column\">\n\t\t\t<div class=\"elementor-widget-wrap elementor-element-populated\">\n\t\t\t\t\t\t<div class=\"elementor-element elementor-element-612f634 elementor-widget elementor-widget-text-editor\" data-id=\"612f634\" data-element_type=\"widget\" data-e-type=\"widget\" data-widget_type=\"text-editor.default\">\n\t\t\t\t<div class=\"elementor-widget-container\">\n\t\t\t\t\t\t\t\t\t<p><span style=\"color: #000000;\"><a href=\"https:\/\/maps.app.goo.gl\/ajPvLHor3bmXRnt67\" target=\"_blank\" rel=\"noopener noreferrer\" style=\"color: #000000;\">J.B. de la Salle\u00a0 \u00a04500<\/a><\/span><br \/><span>Villa Martelli\u00a0<\/span><br \/><span>Buenos Aires, Argentina<\/span><\/p><p><span style=\"text-decoration: underline;\"><span style=\"color: #993300;\"><a href=\"https:\/\/maps.app.goo.gl\/ajPvLHor3bmXRnt67\" style=\"color: #993300;\"><strong><span style=\"color: #b71e23;\">\u00bfC\u00f3mo<\/span> llegar?<\/strong><\/a><\/span><\/span><\/p>\t\t\t\t\t\t\t\t<\/div>\n\t\t\t\t<\/div>\n\t\t\t\t\t<\/div>\n\t\t<\/div>\n\t\t\t\t\t<\/div>\n\t\t<\/section>\n\t\t\t\t<section class=\"elementor-section elementor-top-section elementor-element elementor-element-8154a48 elementor-section-boxed elementor-section-height-default elementor-section-height-default\" data-id=\"8154a48\" data-element_type=\"section\" data-e-type=\"section\">\n\t\t\t\t\t\t<div class=\"elementor-container elementor-column-gap-default\">\n\t\t\t\t\t<div class=\"elementor-column elementor-col-100 elementor-top-column elementor-element elementor-element-0973c7a\" data-id=\"0973c7a\" data-element_type=\"column\" data-e-type=\"column\">\n\t\t\t<div class=\"elementor-widget-wrap elementor-element-populated\">\n\t\t\t\t\t\t<div class=\"elementor-element elementor-element-b051bfe elementor-widget elementor-widget-spacer\" data-id=\"b051bfe\" data-element_type=\"widget\" data-e-type=\"widget\" data-widget_type=\"spacer.default\">\n\t\t\t\t<div class=\"elementor-widget-container\">\n\t\t\t\t\t\t\t<div class=\"elementor-spacer\">\n\t\t\t<div class=\"elementor-spacer-inner\"><\/div>\n\t\t<\/div>\n\t\t\t\t\t\t<\/div>\n\t\t\t\t<\/div>\n\t\t\t\t\t<\/div>\n\t\t<\/div>\n\t\t\t\t\t<\/div>\n\t\t<\/section>\n\t\t\t\t<section class=\"elementor-section elementor-top-section elementor-element elementor-element-495cb84 elementor-section-full_width elementor-section-height-default elementor-section-height-default\" data-id=\"495cb84\" data-element_type=\"section\" data-e-type=\"section\">\n\t\t\t\t\t\t<div class=\"elementor-container elementor-column-gap-custom\">\n\t\t\t\t\t<div class=\"elementor-column elementor-col-25 elementor-top-column elementor-element elementor-element-82d8da4\" data-id=\"82d8da4\" data-element_type=\"column\" data-e-type=\"column\">\n\t\t\t<div class=\"elementor-widget-wrap elementor-element-populated\">\n\t\t\t\t\t\t<div class=\"elementor-element elementor-element-b6980f3 elementor-widget__width-inherit elementor-position-top elementor-widget elementor-widget-image-box\" data-id=\"b6980f3\" data-element_type=\"widget\" data-e-type=\"widget\" data-widget_type=\"image-box.default\">\n\t\t\t\t<div class=\"elementor-widget-container\">\n\t\t\t\t\t<div class=\"elementor-image-box-wrapper\"><figure class=\"elementor-image-box-img\"><a href=\"https:\/\/asociacionfileteadores.com\/once\/index.php\/programacion\/\" tabindex=\"-1\"><img decoding=\"async\" width=\"145\" height=\"145\" src=\"https:\/\/asociacionfileteadores.com\/once\/wp-content\/uploads\/2022\/09\/icono3.png\" class=\"attachment-full size-full wp-image-112\" alt=\"\" \/><\/a><\/figure><div class=\"elementor-image-box-content\"><h3 class=\"elementor-image-box-title\"><a href=\"https:\/\/asociacionfileteadores.com\/once\/index.php\/programacion\/\">Programaci\u00f3n<\/a><\/h3><p class=\"elementor-image-box-description\">+ info de actividades<\/p><\/div><\/div>\t\t\t\t<\/div>\n\t\t\t\t<\/div>\n\t\t\t\t\t<\/div>\n\t\t<\/div>\n\t\t\t\t<div class=\"elementor-column elementor-col-25 elementor-top-column elementor-element elementor-element-81e779d\" data-id=\"81e779d\" data-element_type=\"column\" data-e-type=\"column\">\n\t\t\t<div class=\"elementor-widget-wrap elementor-element-populated\">\n\t\t\t\t\t\t<div class=\"elementor-element elementor-element-f81af9a elementor-position-top elementor-widget elementor-widget-image-box\" data-id=\"f81af9a\" data-element_type=\"widget\" data-e-type=\"widget\" data-widget_type=\"image-box.default\">\n\t\t\t\t<div class=\"elementor-widget-container\">\n\t\t\t\t\t<div class=\"elementor-image-box-wrapper\"><figure class=\"elementor-image-box-img\"><a href=\"https:\/\/asociacionfileteadores.com\/once\/index.php\/muestra\/\" tabindex=\"-1\"><img decoding=\"async\" width=\"145\" height=\"146\" src=\"https:\/\/asociacionfileteadores.com\/once\/wp-content\/uploads\/2022\/09\/icono1.png\" class=\"attachment-full size-full wp-image-110\" alt=\"\" \/><\/a><\/figure><div class=\"elementor-image-box-content\"><h3 class=\"elementor-image-box-title\"><a href=\"https:\/\/asociacionfileteadores.com\/once\/index.php\/muestra\/\">Muestra<\/a><\/h3><p class=\"elementor-image-box-description\">Exposici\u00f3n virtual de obras participantes<\/p><\/div><\/div>\t\t\t\t<\/div>\n\t\t\t\t<\/div>\n\t\t\t\t\t<\/div>\n\t\t<\/div>\n\t\t\t\t<div class=\"elementor-column elementor-col-25 elementor-top-column elementor-element elementor-element-3f4bd6c\" data-id=\"3f4bd6c\" data-element_type=\"column\" data-e-type=\"column\">\n\t\t\t<div class=\"elementor-widget-wrap elementor-element-populated\">\n\t\t\t\t\t\t<div class=\"elementor-element elementor-element-70415da elementor-widget__width-inherit elementor-position-top elementor-widget elementor-widget-image-box\" data-id=\"70415da\" data-element_type=\"widget\" data-e-type=\"widget\" data-widget_type=\"image-box.default\">\n\t\t\t\t<div class=\"elementor-widget-container\">\n\t\t\t\t\t<div class=\"elementor-image-box-wrapper\"><figure class=\"elementor-image-box-img\"><a href=\"https:\/\/asociacionfileteadores.com\/once\/index.php\/expositores\/\" tabindex=\"-1\"><img decoding=\"async\" width=\"145\" height=\"145\" src=\"https:\/\/asociacionfileteadores.com\/once\/wp-content\/uploads\/2022\/09\/icono3.png\" class=\"attachment-full size-full wp-image-112\" alt=\"\" \/><\/a><\/figure><div class=\"elementor-image-box-content\"><h3 class=\"elementor-image-box-title\"><a href=\"https:\/\/asociacionfileteadores.com\/once\/index.php\/expositores\/\">Expositores<\/a><\/h3><p class=\"elementor-image-box-description\">Listado de artistas participantes<\/p><\/div><\/div>\t\t\t\t<\/div>\n\t\t\t\t<\/div>\n\t\t\t\t\t<\/div>\n\t\t<\/div>\n\t\t\t\t<div class=\"elementor-column elementor-col-25 elementor-top-column elementor-element elementor-element-913262d\" data-id=\"913262d\" data-element_type=\"column\" data-e-type=\"column\">\n\t\t\t<div class=\"elementor-widget-wrap elementor-element-populated\">\n\t\t\t\t\t\t<div class=\"elementor-element elementor-element-15dc564 elementor-position-top elementor-widget elementor-widget-image-box\" data-id=\"15dc564\" data-element_type=\"widget\" data-e-type=\"widget\" data-widget_type=\"image-box.default\">\n\t\t\t\t<div class=\"elementor-widget-container\">\n\t\t\t\t\t<div class=\"elementor-image-box-wrapper\"><figure class=\"elementor-image-box-img\"><a href=\"https:\/\/asociacionfileteadores.com\/once\/index.php\/revivi-los-momentos\/\" tabindex=\"-1\"><img decoding=\"async\" width=\"145\" height=\"145\" src=\"https:\/\/asociacionfileteadores.com\/once\/wp-content\/uploads\/2022\/09\/icono2.png\" class=\"attachment-full size-full wp-image-111\" alt=\"\" \/><\/a><\/figure><div class=\"elementor-image-box-content\"><h3 class=\"elementor-image-box-title\"><a href=\"https:\/\/asociacionfileteadores.com\/once\/index.php\/revivi-los-momentos\/\">Reviv\u00ed los momentos<\/a><\/h3><p class=\"elementor-image-box-description\">Videos, audios e im\u00e1genes del Encuentro<\/p><\/div><\/div>\t\t\t\t<\/div>\n\t\t\t\t<\/div>\n\t\t\t\t\t<\/div>\n\t\t<\/div>\n\t\t\t\t\t<\/div>\n\t\t<\/section>\n\t\t\t\t<\/div>\n\t\t","protected":false},"excerpt":{"rendered":"<p>Del 22 al 25 de septiembre\u200b En Tecn\u00f3polis J.B. de la Salle\u00a0 \u00a04500Villa Martelli\u00a0Buenos Aires, Argentina \u00bfC\u00f3mo llegar? Programaci\u00f3n + info de actividades Muestra Exposici\u00f3n virtual de obras participantes Expositores Listado de artistas participantes Reviv\u00ed los momentos Videos, audios e im\u00e1genes del Encuentro<\/p>\n","protected":false},"author":1,"featured_media":0,"parent":0,"menu_order":0,"comment_status":"closed","ping_status":"closed","template":"elementor_header_footer","meta":{"footnotes":""},"class_list":["post-29","page","type-page","status-publish","hentry"],"_links":{"self":[{"href":"https:\/\/asociacionfileteadores.com\/once\/index.php\/wp-json\/wp\/v2\/pages\/29","targetHints":{"allow":["GET"]}}],"collection":[{"href":"https:\/\/asociacionfileteadores.com\/once\/index.php\/wp-json\/wp\/v2\/pages"}],"about":[{"href":"https:\/\/asociacionfileteadores.com\/once\/index.php\/wp-json\/wp\/v2\/types\/page"}],"author":[{"embeddable":true,"href":"https:\/\/asociacionfileteadores.com\/once\/index.php\/wp-json\/wp\/v2\/users\/1"}],"replies":[{"embeddable":true,"href":"https:\/\/asociacionfileteadores.com\/once\/index.php\/wp-json\/wp\/v2\/comments?post=29"}],"version-history":[{"count":299,"href":"https:\/\/asociacionfileteadores.com\/once\/index.php\/wp-json\/wp\/v2\/pages\/29\/revisions"}],"predecessor-version":[{"id":2452,"href":"https:\/\/asociacionfileteadores.com\/once\/index.php\/wp-json\/wp\/v2\/pages\/29\/revisions\/2452"}],"wp:attachment":[{"href":"https:\/\/asociacionfileteadores.com\/once\/index.php\/wp-json\/wp\/v2\/media?parent=29"}],"curies":[{"name":"wp","href":"https:\/\/api.w.org\/{rel}","templated":true}]}}