{"id":349,"date":"2022-09-14T13:16:05","date_gmt":"2022-09-14T13:16:05","guid":{"rendered":"https:\/\/asociacionfileteadores.com\/once\/?page_id=349"},"modified":"2022-09-21T16:15:39","modified_gmt":"2022-09-21T16:15:39","slug":"que-es-el-11o-encuentro","status":"publish","type":"page","link":"https:\/\/asociacionfileteadores.com\/once\/index.php\/que-es-el-11o-encuentro\/","title":{"rendered":"11 Encuentro Anual de Fileteadores"},"content":{"rendered":"\t\t<div data-elementor-type=\"wp-page\" data-elementor-id=\"349\" class=\"elementor elementor-349\">\n\t\t\t\t\t\t<section class=\"elementor-section elementor-top-section elementor-element elementor-element-c9702ba elementor-section-boxed elementor-section-height-default elementor-section-height-default\" data-id=\"c9702ba\" data-element_type=\"section\" data-e-type=\"section\">\n\t\t\t\t\t\t<div class=\"elementor-container elementor-column-gap-default\">\n\t\t\t\t\t<div class=\"elementor-column elementor-col-100 elementor-top-column elementor-element elementor-element-229bbf0\" data-id=\"229bbf0\" data-element_type=\"column\" data-e-type=\"column\">\n\t\t\t<div class=\"elementor-widget-wrap elementor-element-populated\">\n\t\t\t\t\t\t<div class=\"elementor-element elementor-element-e325d17 elementor-widget elementor-widget-text-editor\" data-id=\"e325d17\" data-element_type=\"widget\" data-e-type=\"widget\" data-widget_type=\"text-editor.default\">\n\t\t\t\t<div class=\"elementor-widget-container\">\n\t\t\t\t\t\t\t\t\t<p>Con el objetivo de profundizar la difusi\u00f3n del filete porte\u00f1o, celebrar su distinci\u00f3n como Patrimonio Cultural Inmaterial de la Humanidad ante la Unesco y cumplir 10 a\u00f1os de existencia como instituci\u00f3n que nuclea a la comunidad fileteadora, es que la Asociaci\u00f3n de Fileteadores en conjunto con el Ministerio de Cultura de la Naci\u00f3n, a trav\u00e9s de MATRIA, los invita a la XI edici\u00f3n del Encuentro anual de Fileteadores.<\/p>\t\t\t\t\t\t\t\t<\/div>\n\t\t\t\t<\/div>\n\t\t\t\t\t<\/div>\n\t\t<\/div>\n\t\t\t\t\t<\/div>\n\t\t<\/section>\n\t\t\t\t<section class=\"elementor-section elementor-top-section elementor-element elementor-element-6b77942 elementor-section-boxed elementor-section-height-default elementor-section-height-default\" data-id=\"6b77942\" data-element_type=\"section\" data-e-type=\"section\">\n\t\t\t\t\t\t<div class=\"elementor-container elementor-column-gap-default\">\n\t\t\t\t\t<div class=\"elementor-column elementor-col-100 elementor-top-column elementor-element elementor-element-ff100d1\" data-id=\"ff100d1\" data-element_type=\"column\" data-e-type=\"column\">\n\t\t\t<div class=\"elementor-widget-wrap elementor-element-populated\">\n\t\t\t\t\t\t<div class=\"elementor-element elementor-element-65d1fdb elementor-widget elementor-widget-spacer\" data-id=\"65d1fdb\" data-element_type=\"widget\" data-e-type=\"widget\" data-widget_type=\"spacer.default\">\n\t\t\t\t<div class=\"elementor-widget-container\">\n\t\t\t\t\t\t\t<div class=\"elementor-spacer\">\n\t\t\t<div class=\"elementor-spacer-inner\"><\/div>\n\t\t<\/div>\n\t\t\t\t\t\t<\/div>\n\t\t\t\t<\/div>\n\t\t\t\t\t<\/div>\n\t\t<\/div>\n\t\t\t\t\t<\/div>\n\t\t<\/section>\n\t\t\t\t<section class=\"elementor-section elementor-top-section elementor-element elementor-element-963e696 elementor-section-boxed elementor-section-height-default elementor-section-height-default\" data-id=\"963e696\" data-element_type=\"section\" data-e-type=\"section\">\n\t\t\t\t\t\t<div class=\"elementor-container elementor-column-gap-default\">\n\t\t\t\t\t<div class=\"elementor-column elementor-col-100 elementor-top-column elementor-element elementor-element-9de8add\" data-id=\"9de8add\" data-element_type=\"column\" data-e-type=\"column\">\n\t\t\t<div class=\"elementor-widget-wrap elementor-element-populated\">\n\t\t\t\t\t\t<div class=\"elementor-element elementor-element-7e0ad07 elementor-widget elementor-widget-image\" data-id=\"7e0ad07\" data-element_type=\"widget\" data-e-type=\"widget\" data-widget_type=\"image.default\">\n\t\t\t\t<div class=\"elementor-widget-container\">\n\t\t\t\t\t\t\t\t\t\t\t\t\t\t\t<img fetchpriority=\"high\" decoding=\"async\" width=\"750\" height=\"497\" src=\"https:\/\/asociacionfileteadores.com\/once\/wp-content\/uploads\/2022\/09\/DSC_0261-min-2.jpg\" class=\"attachment-large size-large wp-image-1067\" alt=\"\" srcset=\"https:\/\/asociacionfileteadores.com\/once\/wp-content\/uploads\/2022\/09\/DSC_0261-min-2.jpg 1024w, https:\/\/asociacionfileteadores.com\/once\/wp-content\/uploads\/2022\/09\/DSC_0261-min-2-300x199.jpg 300w, https:\/\/asociacionfileteadores.com\/once\/wp-content\/uploads\/2022\/09\/DSC_0261-min-2-768x509.jpg 768w, https:\/\/asociacionfileteadores.com\/once\/wp-content\/uploads\/2022\/09\/DSC_0261-min-2-360x240.jpg 360w\" sizes=\"(max-width: 750px) 100vw, 750px\" \/>\t\t\t\t\t\t\t\t\t\t\t\t\t\t\t<\/div>\n\t\t\t\t<\/div>\n\t\t\t\t\t<\/div>\n\t\t<\/div>\n\t\t\t\t\t<\/div>\n\t\t<\/section>\n\t\t\t\t<section class=\"elementor-section elementor-top-section elementor-element elementor-element-acccc83 elementor-section-boxed elementor-section-height-default elementor-section-height-default\" data-id=\"acccc83\" data-element_type=\"section\" data-e-type=\"section\">\n\t\t\t\t\t\t<div class=\"elementor-container elementor-column-gap-default\">\n\t\t\t\t\t<div class=\"elementor-column elementor-col-100 elementor-top-column elementor-element elementor-element-76271dc\" data-id=\"76271dc\" data-element_type=\"column\" data-e-type=\"column\">\n\t\t\t<div class=\"elementor-widget-wrap elementor-element-populated\">\n\t\t\t\t\t\t<div class=\"elementor-element elementor-element-3e0a8f9 elementor-widget elementor-widget-spacer\" data-id=\"3e0a8f9\" data-element_type=\"widget\" data-e-type=\"widget\" data-widget_type=\"spacer.default\">\n\t\t\t\t<div class=\"elementor-widget-container\">\n\t\t\t\t\t\t\t<div class=\"elementor-spacer\">\n\t\t\t<div class=\"elementor-spacer-inner\"><\/div>\n\t\t<\/div>\n\t\t\t\t\t\t<\/div>\n\t\t\t\t<\/div>\n\t\t\t\t\t<\/div>\n\t\t<\/div>\n\t\t\t\t\t<\/div>\n\t\t<\/section>\n\t\t\t\t<section class=\"elementor-section elementor-top-section elementor-element elementor-element-e8d5794 elementor-section-boxed elementor-section-height-default elementor-section-height-default\" data-id=\"e8d5794\" data-element_type=\"section\" data-e-type=\"section\">\n\t\t\t\t\t\t<div class=\"elementor-container elementor-column-gap-default\">\n\t\t\t\t\t<div class=\"elementor-column elementor-col-100 elementor-top-column elementor-element elementor-element-59466d0\" data-id=\"59466d0\" data-element_type=\"column\" data-e-type=\"column\">\n\t\t\t<div class=\"elementor-widget-wrap elementor-element-populated\">\n\t\t\t\t\t\t<div class=\"elementor-element elementor-element-3a10dc1 elementor-widget elementor-widget-text-editor\" data-id=\"3a10dc1\" data-element_type=\"widget\" data-e-type=\"widget\" data-widget_type=\"text-editor.default\">\n\t\t\t\t<div class=\"elementor-widget-container\">\n\t\t\t\t\t\t\t\t\t<p><span>Esta nueva edici\u00f3n se realizar\u00e1 del 22 al 25 de septiembre de 2022 en el predio Tecn\u00f3polis, Auditorio\u00a0de cultura y Sala del bajo microestadio puerta 6 en el siguiente horario: Jueves y viernes de 10h a 18h y s\u00e1bado y domingo de 12h a 19h.\u00a0 Estar\u00e1 abierta a todo el p\u00fablico visitante.<\/span><\/p>\t\t\t\t\t\t\t\t<\/div>\n\t\t\t\t<\/div>\n\t\t\t\t\t<\/div>\n\t\t<\/div>\n\t\t\t\t\t<\/div>\n\t\t<\/section>\n\t\t\t\t<section class=\"elementor-section elementor-top-section elementor-element elementor-element-6eec065 elementor-section-boxed elementor-section-height-default elementor-section-height-default\" data-id=\"6eec065\" data-element_type=\"section\" data-e-type=\"section\">\n\t\t\t\t\t\t<div class=\"elementor-container elementor-column-gap-default\">\n\t\t\t\t\t<div class=\"elementor-column elementor-col-100 elementor-top-column elementor-element elementor-element-3d8b71e\" data-id=\"3d8b71e\" data-element_type=\"column\" data-e-type=\"column\">\n\t\t\t<div class=\"elementor-widget-wrap elementor-element-populated\">\n\t\t\t\t\t\t<div class=\"elementor-element elementor-element-3bdfacb elementor-widget elementor-widget-spacer\" data-id=\"3bdfacb\" data-element_type=\"widget\" data-e-type=\"widget\" data-widget_type=\"spacer.default\">\n\t\t\t\t<div class=\"elementor-widget-container\">\n\t\t\t\t\t\t\t<div class=\"elementor-spacer\">\n\t\t\t<div class=\"elementor-spacer-inner\"><\/div>\n\t\t<\/div>\n\t\t\t\t\t\t<\/div>\n\t\t\t\t<\/div>\n\t\t\t\t\t<\/div>\n\t\t<\/div>\n\t\t\t\t\t<\/div>\n\t\t<\/section>\n\t\t\t\t<section class=\"elementor-section elementor-top-section elementor-element elementor-element-821aff4 elementor-section-boxed elementor-section-height-default elementor-section-height-default\" data-id=\"821aff4\" data-element_type=\"section\" data-e-type=\"section\">\n\t\t\t\t\t\t<div class=\"elementor-container elementor-column-gap-default\">\n\t\t\t\t\t<div class=\"elementor-column elementor-col-100 elementor-top-column elementor-element elementor-element-478495c\" data-id=\"478495c\" data-element_type=\"column\" data-e-type=\"column\">\n\t\t\t<div class=\"elementor-widget-wrap elementor-element-populated\">\n\t\t\t\t\t\t<div class=\"elementor-element elementor-element-00531d7 elementor-widget elementor-widget-image\" data-id=\"00531d7\" data-element_type=\"widget\" data-e-type=\"widget\" data-widget_type=\"image.default\">\n\t\t\t\t<div class=\"elementor-widget-container\">\n\t\t\t\t\t\t\t\t\t\t\t\t\t\t\t<img decoding=\"async\" width=\"750\" height=\"913\" src=\"https:\/\/asociacionfileteadores.com\/once\/wp-content\/uploads\/2022\/09\/flyer-ok-768x935.jpeg\" class=\"attachment-medium_large size-medium_large wp-image-1385\" alt=\"\" srcset=\"https:\/\/asociacionfileteadores.com\/once\/wp-content\/uploads\/2022\/09\/flyer-ok-768x935.jpeg 768w, https:\/\/asociacionfileteadores.com\/once\/wp-content\/uploads\/2022\/09\/flyer-ok-246x300.jpeg 246w, https:\/\/asociacionfileteadores.com\/once\/wp-content\/uploads\/2022\/09\/flyer-ok-841x1024.jpeg 841w, https:\/\/asociacionfileteadores.com\/once\/wp-content\/uploads\/2022\/09\/flyer-ok.jpeg 1051w\" sizes=\"(max-width: 750px) 100vw, 750px\" \/>\t\t\t\t\t\t\t\t\t\t\t\t\t\t\t<\/div>\n\t\t\t\t<\/div>\n\t\t\t\t\t<\/div>\n\t\t<\/div>\n\t\t\t\t\t<\/div>\n\t\t<\/section>\n\t\t\t\t<section class=\"elementor-section elementor-top-section elementor-element elementor-element-8dc1185 elementor-section-boxed elementor-section-height-default elementor-section-height-default\" data-id=\"8dc1185\" data-element_type=\"section\" data-e-type=\"section\">\n\t\t\t\t\t\t<div class=\"elementor-container elementor-column-gap-default\">\n\t\t\t\t\t<div class=\"elementor-column elementor-col-100 elementor-top-column elementor-element elementor-element-2fac22f\" data-id=\"2fac22f\" data-element_type=\"column\" data-e-type=\"column\">\n\t\t\t<div class=\"elementor-widget-wrap elementor-element-populated\">\n\t\t\t\t\t\t<div class=\"elementor-element elementor-element-48cb4d9 elementor-widget elementor-widget-spacer\" data-id=\"48cb4d9\" data-element_type=\"widget\" data-e-type=\"widget\" data-widget_type=\"spacer.default\">\n\t\t\t\t<div class=\"elementor-widget-container\">\n\t\t\t\t\t\t\t<div class=\"elementor-spacer\">\n\t\t\t<div class=\"elementor-spacer-inner\"><\/div>\n\t\t<\/div>\n\t\t\t\t\t\t<\/div>\n\t\t\t\t<\/div>\n\t\t\t\t<div class=\"elementor-element elementor-element-03edb40 elementor-widget elementor-widget-text-editor\" data-id=\"03edb40\" data-element_type=\"widget\" data-e-type=\"widget\" data-widget_type=\"text-editor.default\">\n\t\t\t\t<div class=\"elementor-widget-container\">\n\t\t\t\t\t\t\t\t\t<p><strong>Acto de Apertura<\/strong><\/p><p>Mi\u00e9rcoles 12 de septiembre de 15 a 18 hs.<\/p><p>Auditorio de Cultura<\/p><p>Entrada s\u00f3lo con lista de invitados por el arco militar de Juan Bautista de la Salle 4341, colectora de General Paz.<\/p>\t\t\t\t\t\t\t\t<\/div>\n\t\t\t\t<\/div>\n\t\t\t\t\t<\/div>\n\t\t<\/div>\n\t\t\t\t\t<\/div>\n\t\t<\/section>\n\t\t\t\t<\/div>\n\t\t","protected":false},"excerpt":{"rendered":"<p>Con el objetivo de profundizar la difusi\u00f3n del filete porte\u00f1o, celebrar su distinci\u00f3n como Patrimonio Cultural Inmaterial de la Humanidad ante la Unesco y cumplir 10 a\u00f1os de existencia como instituci\u00f3n que nuclea a la comunidad fileteadora, es que la Asociaci\u00f3n de Fileteadores en conjunto con el Ministerio de Cultura [&hellip;]<\/p>\n","protected":false},"author":1,"featured_media":0,"parent":0,"menu_order":0,"comment_status":"closed","ping_status":"closed","template":"elementor_theme","meta":{"footnotes":""},"class_list":["post-349","page","type-page","status-publish","hentry"],"_links":{"self":[{"href":"https:\/\/asociacionfileteadores.com\/once\/index.php\/wp-json\/wp\/v2\/pages\/349","targetHints":{"allow":["GET"]}}],"collection":[{"href":"https:\/\/asociacionfileteadores.com\/once\/index.php\/wp-json\/wp\/v2\/pages"}],"about":[{"href":"https:\/\/asociacionfileteadores.com\/once\/index.php\/wp-json\/wp\/v2\/types\/page"}],"author":[{"embeddable":true,"href":"https:\/\/asociacionfileteadores.com\/once\/index.php\/wp-json\/wp\/v2\/users\/1"}],"replies":[{"embeddable":true,"href":"https:\/\/asociacionfileteadores.com\/once\/index.php\/wp-json\/wp\/v2\/comments?post=349"}],"version-history":[{"count":142,"href":"https:\/\/asociacionfileteadores.com\/once\/index.php\/wp-json\/wp\/v2\/pages\/349\/revisions"}],"predecessor-version":[{"id":2190,"href":"https:\/\/asociacionfileteadores.com\/once\/index.php\/wp-json\/wp\/v2\/pages\/349\/revisions\/2190"}],"wp:attachment":[{"href":"https:\/\/asociacionfileteadores.com\/once\/index.php\/wp-json\/wp\/v2\/media?parent=349"}],"curies":[{"name":"wp","href":"https:\/\/api.w.org\/{rel}","templated":true}]}}